{"id":4331,"date":"2024-01-18T19:16:54","date_gmt":"2024-01-18T19:16:54","guid":{"rendered":"https:\/\/municipiodenuevahelvecia.com\/?page_id=4331"},"modified":"2024-01-18T19:37:53","modified_gmt":"2024-01-18T19:37:53","slug":"museo-y-archivo-regional-de-colonia-suiza","status":"publish","type":"page","link":"http:\/\/municipiodenuevahelvecia.com\/?page_id=4331","title":{"rendered":"Museo y archivo regional de Colonia Suiza"},"content":{"rendered":"\n<p>El Museo y Archivo Regional De Colonia Suiza se inaugur\u00f3 el 18 de mayo de 1997, declarado de inter\u00e9s departamental el 3 de octubre del mismo a\u00f1o.<\/p>\n\n\n\n<p>Desde sus inicios funciona como una subcomisi\u00f3n del Centro Cultural de Colonia Suiza y su principal objetivo es recopilar, preservar y difundir nuestro patrimonio material e inmaterial local y regional.<\/p>\n\n\n\n<p>Se trata de un Museo Hist\u00f3rico que se dise\u00f1\u00f3 teniendo en cuenta la evoluci\u00f3n de la colonia en el tiempo y en el espacio.<\/p>\n\n\n\n<p>Se distribuye de la siguiente manera:<\/p>\n\n\n\n<p>Se ingresa por:<\/p>\n\n\n\n<p>&nbsp;<strong>1- Sala de los Colonos, <\/strong>cuya distribuci\u00f3n explica la ocupaci\u00f3n humana en la regi\u00f3n del Rosario, a partir de la presencia aborigen, la hisp\u00e1nica y la de los inmigrantes de origen suizo, alem\u00e1n, austr\u00edaco, franc\u00e9s e italiano. En la misma se exponen utensilios, herramientas, fotos, armas y vestimenta.<\/p>\n\n\n\n<p><strong>2- Bohardilla,<\/strong> lugar de fotos, documentos, libros y \u00e1rboles geneal\u00f3gicos.<\/p>\n\n\n\n<p><strong>3- Sala intermedia<\/strong>, destinada a exposiciones itinerantes.<\/p>\n\n\n\n<p><strong>4- Sala de M\u00fasica y Medios de Comunicaci\u00f3n<\/strong>, donde se exponen instrumentos musicales e informaci\u00f3n de destacados m\u00fasicos locales y diversos medios de comunicaci\u00f3n de la zona.<\/p>\n\n\n\n<p><strong>5- Sala Suiza<\/strong>, donde se archivan y exhiben documentos, fotos y libros de escritores de la zona y extranjeros.<\/p>\n\n\n\n<p>Nos proyectamos y apostamos a continuar por un MUSEO que est\u00e9 al servicio de toda la sociedad, como un espacio afectivo, de encuentro entre el lugar, las personas y las colecciones. Abierto y transformador, donde seamos capaces de interactuar, sensibilizar y concientizar a la poblaci\u00f3n de todas las edades.<\/p>\n\n\n\n<p>Porque nuestro MUSEO cuenta historias, tiene alma, y muestra a trav\u00e9s de los bienes culturales que posee, sentimientos, vivencias y sensaciones.<\/p>\n\n\n\n<p>La comisi\u00f3n actual proyecta:<\/p>\n\n\n\n<p>-colocar carteler\u00eda en la fachada del edificio, con informaci\u00f3n de d\u00edas y horarios de visitas guiadas.<\/p>\n\n\n\n<p>-promover las visitas a nivel local, nacional e internacional.<\/p>\n\n\n\n<p>-facilitar la accesibilidad interna y externa.<\/p>\n\n\n\n<p>&#8211; realizar la tarea de conservaci\u00f3n preventiva de los documentos.<\/p>\n\n\n\n<p>-elaborar folleter\u00eda, contenido escrito y difusi\u00f3n en los diferentes medios.<\/p>\n\n\n\n<p>-digitalizar los documentos y fotos.<\/p>\n\n\n\n<p>-realizar una campa\u00f1a de recuperaci\u00f3n de objetos y\/o documentos.<\/p>\n\n\n\n<p>Los d\u00edas de atenci\u00f3n son los s\u00e1bados y domingos por la tarde, y var\u00edan los horarios seg\u00fan sea invierno o verano.<\/p>\n\n\n\n<p>&nbsp;Asimismo atendemos a excursiones y grupos de estudiantes en otros d\u00edas y horarios, si lo solicitan previamente.<\/p>\n\n\n\n<p>A las personas mayores se cobra una entrada-colaboraci\u00f3n, y para los estudiantes y menores de edad, es gratis.<\/p>\n\n\n<div height=\"300\" width=\"300\"><\/div>\n\n\n\n<p>[masterslider id=\u00bb4&#8243;]<\/p>\n\n\n","protected":false},"excerpt":{"rendered":"<p>El Museo y Archivo Regional De Colonia Suiza se inaugur\u00f3 el 18 de mayo de 1997, declarado de inter\u00e9s departamental el 3 de octubre del mismo a\u00f1o. Desde sus inicios funciona como una subcomisi\u00f3n del Centro Cultural de Colonia Suiza y su principal objetivo es recopilar, preservar y difundir nuestro patrimonio material e inmaterial local [&hellip;]<\/p>\n","protected":false},"author":10,"featured_media":0,"parent":0,"menu_order":0,"comment_status":"closed","ping_status":"closed","template":"","meta":[],"_links":{"self":[{"href":"http:\/\/municipiodenuevahelvecia.com\/index.php?rest_route=\/wp\/v2\/pages\/4331"}],"collection":[{"href":"http:\/\/municipiodenuevahelvecia.com\/index.php?rest_route=\/wp\/v2\/pages"}],"about":[{"href":"http:\/\/municipiodenuevahelvecia.com\/index.php?rest_route=\/wp\/v2\/types\/page"}],"author":[{"embeddable":true,"href":"http:\/\/municipiodenuevahelvecia.com\/index.php?rest_route=\/wp\/v2\/users\/10"}],"replies":[{"embeddable":true,"href":"http:\/\/municipiodenuevahelvecia.com\/index.php?rest_route=%2Fwp%2Fv2%2Fcomments&post=4331"}],"version-history":[{"count":3,"href":"http:\/\/municipiodenuevahelvecia.com\/index.php?rest_route=\/wp\/v2\/pages\/4331\/revisions"}],"predecessor-version":[{"id":4346,"href":"http:\/\/municipiodenuevahelvecia.com\/index.php?rest_route=\/wp\/v2\/pages\/4331\/revisions\/4346"}],"wp:attachment":[{"href":"http:\/\/municipiodenuevahelvecia.com\/index.php?rest_route=%2Fwp%2Fv2%2Fmedia&parent=4331"}],"curies":[{"name":"wp","href":"https:\/\/api.w.org\/{rel}","templated":true}]}}

<p>El Museo y Archivo Regional De Colonia Suiza se inauguró el 18 de mayo de 1997, declarado de interés departamental el 3 de octubre del mismo año.</p>



<p>Desde sus inicios funciona como una subcomisión del Centro Cultural de Colonia Suiza y su principal objetivo es recopilar, preservar y difundir nuestro patrimonio material e inmaterial local y regional.</p>



<p>Se trata de un Museo Histórico que se diseñó teniendo en cuenta la evolución de la colonia en el tiempo y en el espacio.</p>



<p>Se distribuye de la siguiente manera:</p>



<p>Se ingresa por:</p>



<p>&nbsp;<strong>1- Sala de los Colonos, </strong>cuya distribución explica la ocupación humana en la región del Rosario, a partir de la presencia aborigen, la hispánica y la de los inmigrantes de origen suizo, alemán, austríaco, francés e italiano. En la misma se exponen utensilios, herramientas, fotos, armas y vestimenta.</p>



<p><strong>2- Bohardilla,</strong> lugar de fotos, documentos, libros y árboles genealógicos.</p>



<p><strong>3- Sala intermedia</strong>, destinada a exposiciones itinerantes.</p>



<p><strong>4- Sala de Música y Medios de Comunicación</strong>, donde se exponen instrumentos musicales e información de destacados músicos locales y diversos medios de comunicación de la zona.</p>



<p><strong>5- Sala Suiza</strong>, donde se archivan y exhiben documentos, fotos y libros de escritores de la zona y extranjeros.</p>



<p>Nos proyectamos y apostamos a continuar por un MUSEO que esté al servicio de toda la sociedad, como un espacio afectivo, de encuentro entre el lugar, las personas y las colecciones. Abierto y transformador, donde seamos capaces de interactuar, sensibilizar y concientizar a la población de todas las edades.</p>



<p>Porque nuestro MUSEO cuenta historias, tiene alma, y muestra a través de los bienes culturales que posee, sentimientos, vivencias y sensaciones.</p>



<p>La comisión actual proyecta:</p>



<p>-colocar cartelería en la fachada del edificio, con información de días y horarios de visitas guiadas.</p>



<p>-promover las visitas a nivel local, nacional e internacional.</p>



<p>-facilitar la accesibilidad interna y externa.</p>



<p>&#8211; realizar la tarea de conservación preventiva de los documentos.</p>



<p>-elaborar folletería, contenido escrito y difusión en los diferentes medios.</p>



<p>-digitalizar los documentos y fotos.</p>



<p>-realizar una campaña de recuperación de objetos y/o documentos.</p>



<p>Los días de atención son los sábados y domingos por la tarde, y varían los horarios según sea invierno o verano.</p>



<p>&nbsp;Asimismo atendemos a excursiones y grupos de estudiantes en otros días y horarios, si lo solicitan previamente.</p>



<p>A las personas mayores se cobra una entrada-colaboración, y para los estudiantes y menores de edad, es gratis.</p>


<div height="300" width="300"></div>



<p>[masterslider id=»4&#8243;]</p>

<p>El Museo y Archivo Regional De Colonia Suiza se inauguró el 18 de mayo de 1997, declarado de interés departamental el 3 de octubre del mismo año. Desde sus inicios funciona como una subcomisión del Centro Cultural de Colonia Suiza y su principal objetivo es recopilar, preservar y difundir nuestro patrimonio material e inmaterial local [&hellip;]</p>
