{"id":592,"date":"2016-06-23T18:54:52","date_gmt":"2016-06-23T18:54:52","guid":{"rendered":"http:\/\/municipiodenuevahelvecia.com\/?page_id=592"},"modified":"2024-01-09T18:21:31","modified_gmt":"2024-01-09T18:21:31","slug":"fiestas-suizas","status":"publish","type":"page","link":"http:\/\/municipiodenuevahelvecia.com\/?page_id=592","title":{"rendered":"Fiestas Suizas"},"content":{"rendered":"<p>Enclavados en una localidad que ha abrazado con fervor las tradiciones suizas, celebramos con profundo entusiasmo el Pacto de la Confederaci\u00f3n Suiza, acontecido el 1 de agosto de 1291. Esta conmemoraci\u00f3n, arraigada desde la \u00e9poca de la colonia, se ha convertido en una festividad emblem\u00e1tica que refleja nuestra estrecha conexi\u00f3n con las ra\u00edces helv\u00e9ticas.<\/p>\n<div>A lo largo del mes de agosto, nuestros fines de semana adquieren un matiz especial al dedicarse por completo a esta tradici\u00f3n neo helv\u00e9tica. Cada domingo, la comunidad se congrega en torno a almuerzos especiales, transformando estos encuentros en momentos de comuni\u00f3n y celebraci\u00f3n.<\/div>\n<div><\/div>\n<div>El punto de partida de las festividades tiene lugar en la v\u00edspera del 1 de agosto, con la tradicional fogata que marca el inicio de los festejos que por todo el mes ser\u00e1n organizados por diversas instituciones locales y estar\u00e1n marcadas por gastronom\u00eda y danzas t\u00edpicas, celebrando las ra\u00edces y mostr\u00e1ndolas orgullosamente a quienes nos visitan a\u00f1o a a\u00f1o de diversas zonas del pa\u00eds y del exterior.<\/div>\n<div><\/div>\n<div>A trav\u00e9s de estas celebraciones, no solo conectamos con nuestro pasado y honramos nuestras ra\u00edces, sino que tambi\u00e9n reafirmamos nuestro compromiso con los valores que compartimos con Suiza: la libertad, la independencia y la solidaridad. Cada a\u00f1o, al celebrar el Pacto de la Confederaci\u00f3n Suiza, renovamos nuestro sentido de identidad com\u00fan y mantenemos viva la llama de la herencia helv\u00e9tica en el seno de nuestra comunidad.<\/div>\n","protected":false},"excerpt":{"rendered":"<p>Enclavados en una localidad que ha abrazado con fervor las tradiciones suizas, celebramos con profundo entusiasmo el Pacto de la Confederaci\u00f3n Suiza, acontecido el 1 de agosto de 1291. Esta conmemoraci\u00f3n, arraigada desde la \u00e9poca de la colonia, se ha convertido en una festividad emblem\u00e1tica que refleja nuestra estrecha conexi\u00f3n con las ra\u00edces helv\u00e9ticas. A [&hellip;]<\/p>\n","protected":false},"author":8,"featured_media":0,"parent":456,"menu_order":1,"comment_status":"open","ping_status":"open","template":"","meta":[],"_links":{"self":[{"href":"http:\/\/municipiodenuevahelvecia.com\/index.php?rest_route=\/wp\/v2\/pages\/592"}],"collection":[{"href":"http:\/\/municipiodenuevahelvecia.com\/index.php?rest_route=\/wp\/v2\/pages"}],"about":[{"href":"http:\/\/municipiodenuevahelvecia.com\/index.php?rest_route=\/wp\/v2\/types\/page"}],"author":[{"embeddable":true,"href":"http:\/\/municipiodenuevahelvecia.com\/index.php?rest_route=\/wp\/v2\/users\/8"}],"replies":[{"embeddable":true,"href":"http:\/\/municipiodenuevahelvecia.com\/index.php?rest_route=%2Fwp%2Fv2%2Fcomments&post=592"}],"version-history":[{"count":5,"href":"http:\/\/municipiodenuevahelvecia.com\/index.php?rest_route=\/wp\/v2\/pages\/592\/revisions"}],"predecessor-version":[{"id":4278,"href":"http:\/\/municipiodenuevahelvecia.com\/index.php?rest_route=\/wp\/v2\/pages\/592\/revisions\/4278"}],"up":[{"embeddable":true,"href":"http:\/\/municipiodenuevahelvecia.com\/index.php?rest_route=\/wp\/v2\/pages\/456"}],"wp:attachment":[{"href":"http:\/\/municipiodenuevahelvecia.com\/index.php?rest_route=%2Fwp%2Fv2%2Fmedia&parent=592"}],"curies":[{"name":"wp","href":"https:\/\/api.w.org\/{rel}","templated":true}]}}