{"id":818,"date":"2016-10-11T18:02:18","date_gmt":"2016-10-11T18:02:18","guid":{"rendered":"http:\/\/municipiodenuevahelvecia.com\/?page_id=818"},"modified":"2024-01-16T19:55:28","modified_gmt":"2024-01-16T19:55:28","slug":"arbol-cantonal","status":"publish","type":"page","link":"http:\/\/municipiodenuevahelvecia.com\/?page_id=818","title":{"rendered":"\u00c0rbol cantonal"},"content":{"rendered":"<p>Clasificaci\u00f3n: Monumento.<\/p>\n<p>Direcci\u00f3n: Frau Vogel y Avenida Batlle y Ordo\u00f1ez.<\/p>\n<p>Fecha de fundaci\u00f3n: 2012<\/p>\n<p>Es un famoso \u00e1rbol de Nueva Helvecia que representa los escudos de los cantones Suizos de los inmigrantes que fundaron esta ciudad Uruguaya. Se inaugur\u00f3 en el a\u00f1o 2012 en conmemoraci\u00f3n a los 150 a\u00f1os de la Colonia Suiza Nueva Helvecia. Fue dise\u00f1ado por el se\u00f1or\u00a0 Walter Verde un habitante de la Colonia Suiza.<\/p>\n<p><a href=\"http:\/\/municipiodenuevahelvecia.com\/wp-content\/uploads\/2016\/10\/20160823_175002.jpg\"><img decoding=\"async\" loading=\"lazy\" class=\"aligncenter size-large wp-image-820\" src=\"http:\/\/municipiodenuevahelvecia.com\/wp-content\/uploads\/2016\/10\/20160823_175002-e1476208819679-767x1024.jpg\" alt=\"\" width=\"530\" height=\"707\" srcset=\"http:\/\/municipiodenuevahelvecia.com\/wp-content\/uploads\/2016\/10\/20160823_175002-e1476208819679-767x1024.jpg 767w, http:\/\/municipiodenuevahelvecia.com\/wp-content\/uploads\/2016\/10\/20160823_175002-e1476208819679-224x300.jpg 224w, http:\/\/municipiodenuevahelvecia.com\/wp-content\/uploads\/2016\/10\/20160823_175002-e1476208819679.jpg 1469w\" sizes=\"(max-width: 530px) 100vw, 530px\" \/><\/a><\/p>\n<p style=\"text-align: center;\">\n","protected":false},"excerpt":{"rendered":"<p>Clasificaci\u00f3n: Monumento. Direcci\u00f3n: Frau Vogel y Avenida Batlle y Ordo\u00f1ez. Fecha de fundaci\u00f3n: 2012 Es un famoso \u00e1rbol de Nueva Helvecia que representa los escudos de los cantones Suizos de los inmigrantes que fundaron esta ciudad Uruguaya. Se inaugur\u00f3 en el a\u00f1o 2012 en conmemoraci\u00f3n a los 150 a\u00f1os de la Colonia Suiza Nueva Helvecia. [&hellip;]<\/p>\n","protected":false},"author":8,"featured_media":0,"parent":784,"menu_order":0,"comment_status":"open","ping_status":"closed","template":"","meta":[],"_links":{"self":[{"href":"http:\/\/municipiodenuevahelvecia.com\/index.php?rest_route=\/wp\/v2\/pages\/818"}],"collection":[{"href":"http:\/\/municipiodenuevahelvecia.com\/index.php?rest_route=\/wp\/v2\/pages"}],"about":[{"href":"http:\/\/municipiodenuevahelvecia.com\/index.php?rest_route=\/wp\/v2\/types\/page"}],"author":[{"embeddable":true,"href":"http:\/\/municipiodenuevahelvecia.com\/index.php?rest_route=\/wp\/v2\/users\/8"}],"replies":[{"embeddable":true,"href":"http:\/\/municipiodenuevahelvecia.com\/index.php?rest_route=%2Fwp%2Fv2%2Fcomments&post=818"}],"version-history":[{"count":4,"href":"http:\/\/municipiodenuevahelvecia.com\/index.php?rest_route=\/wp\/v2\/pages\/818\/revisions"}],"predecessor-version":[{"id":4311,"href":"http:\/\/municipiodenuevahelvecia.com\/index.php?rest_route=\/wp\/v2\/pages\/818\/revisions\/4311"}],"up":[{"embeddable":true,"href":"http:\/\/municipiodenuevahelvecia.com\/index.php?rest_route=\/wp\/v2\/pages\/784"}],"wp:attachment":[{"href":"http:\/\/municipiodenuevahelvecia.com\/index.php?rest_route=%2Fwp%2Fv2%2Fmedia&parent=818"}],"curies":[{"name":"wp","href":"https:\/\/api.w.org\/{rel}","templated":true}]}}

Àrbol cantonal

<p>Clasificación: Monumento.</p>
<p>Dirección: Frau Vogel y Avenida Batlle y Ordoñez.</p>
<p>Fecha de fundación: 2012</p>
<p>Es un famoso árbol de Nueva Helvecia que representa los escudos de los cantones Suizos de los inmigrantes que fundaron esta ciudad Uruguaya. Se inauguró en el año 2012 en conmemoración a los 150 años de la Colonia Suiza Nueva Helvecia. Fue diseñado por el señor  Walter Verde un habitante de la Colonia Suiza.</p>
<p><a href="http://municipiodenuevahelvecia.com/wp-content/uploads/2016/10/20160823_175002.jpg"><img decoding="async" loading="lazy" class="aligncenter size-large wp-image-820" src="http://municipiodenuevahelvecia.com/wp-content/uploads/2016/10/20160823_175002-e1476208819679-767x1024.jpg" alt="" width="530" height="707" srcset="http://municipiodenuevahelvecia.com/wp-content/uploads/2016/10/20160823_175002-e1476208819679-767x1024.jpg 767w, http://municipiodenuevahelvecia.com/wp-content/uploads/2016/10/20160823_175002-e1476208819679-224x300.jpg 224w, http://municipiodenuevahelvecia.com/wp-content/uploads/2016/10/20160823_175002-e1476208819679.jpg 1469w" sizes="(max-width: 530px) 100vw, 530px" /></a></p>
<p style="text-align: center;">

<p>Clasificación: Monumento. Dirección: Frau Vogel y Avenida Batlle y Ordoñez. Fecha de fundación: 2012 Es un famoso árbol de Nueva Helvecia que representa los escudos de los cantones Suizos de los inmigrantes que fundaron esta ciudad Uruguaya. Se inauguró en el año 2012 en conmemoración a los 150 años de la Colonia Suiza Nueva Helvecia. [&hellip;]</p>
