{"id":832,"date":"2016-10-11T18:14:07","date_gmt":"2016-10-11T18:14:07","guid":{"rendered":"http:\/\/municipiodenuevahelvecia.com\/?page_id=832"},"modified":"2024-02-08T23:52:43","modified_gmt":"2024-02-08T23:52:43","slug":"centro-helvetico","status":"publish","type":"page","link":"http:\/\/municipiodenuevahelvecia.com\/?page_id=832","title":{"rendered":"Centro Helv\u00e9tico"},"content":{"rendered":"<p>Clasificaci\u00f3n: Edificio.<\/p>\n<p>Direcci\u00f3n: 18 de Julio 1258.<\/p>\n<p>Fecha de fundaci\u00f3n: 1915<\/p>\n<p>Es el producto de la transformaci\u00f3n de una antigua casa se\u00f1orial, propiedad de la familia Menda\u00f1a. En \u00e9stos 100 a\u00f1os ha sido el Centro Social de la ciudad.<\/p>\n<p>Durante mucho tiempo en sus grandes salones se realizaron los bailes m\u00e1s prestigiosos, en donde se reun\u00eda la sociedad helv\u00e9tica. Fueron famosos los eventos de presentaci\u00f3n en sociedad de las j\u00f3venes helv\u00e9ticas, lo que daba lugar a un gran despliegue de moda, elegancia y belleza.<\/p>\n<p>Por sus escenarios pasaron artistas prestigiosos del Rio de la Plata, algunos de ellos fueron Enrique Dumas, H\u00e9ctor Varela y su orquesta, Los Iracundos, Valeria Lima, entre otros.<\/p>\n<p>En su cantina se desarrollaron grandes debates filos\u00f3ficos, pol\u00edticos, deportivos, etc., protagonizados por los hombres relevantes de la zona. Tambi\u00e9n era un lugar de entretenimiento, propicio para juegos de sal\u00f3n como billar, ajedrez, naipes, etc. Contando con una interesante biblioteca de entretenimiento.<\/p>\n<p>Fue centro de reuni\u00f3n de la juventud helv\u00e9tica en las d\u00e9cadas de los 60, 70, 80.<\/p>\n<p>Fuente extra\u00edda de:<\/p>\n<ul>\n<li>Libro \u201cEn el ojo de la lupa\u201d de Omar Moreira.<\/li>\n<li>Entrevista a habitante de Nueva Helvecia.<\/li>\n<\/ul>\n<p><a href=\"http:\/\/municipiodenuevahelvecia.com\/wp-content\/uploads\/2016\/10\/21.jpg\"><img decoding=\"async\" loading=\"lazy\" class=\"aligncenter size-full wp-image-833\" src=\"http:\/\/municipiodenuevahelvecia.com\/wp-content\/uploads\/2016\/10\/21.jpg\" alt=\"\" width=\"678\" height=\"508\" srcset=\"http:\/\/municipiodenuevahelvecia.com\/wp-content\/uploads\/2016\/10\/21.jpg 678w, http:\/\/municipiodenuevahelvecia.com\/wp-content\/uploads\/2016\/10\/21-400x300.jpg 400w\" sizes=\"(max-width: 678px) 100vw, 678px\" \/><\/a><\/p>\n<p style=\"text-align: center;\">\n","protected":false},"excerpt":{"rendered":"<p>Clasificaci\u00f3n: Edificio. Direcci\u00f3n: 18 de Julio 1258. Fecha de fundaci\u00f3n: 1915 Es el producto de la transformaci\u00f3n de una antigua casa se\u00f1orial, propiedad de la familia Menda\u00f1a. En \u00e9stos 100 a\u00f1os ha sido el Centro Social de la ciudad. Durante mucho tiempo en sus grandes salones se realizaron los bailes m\u00e1s prestigiosos, en donde se [&hellip;]<\/p>\n","protected":false},"author":8,"featured_media":0,"parent":784,"menu_order":0,"comment_status":"open","ping_status":"closed","template":"","meta":[],"_links":{"self":[{"href":"http:\/\/municipiodenuevahelvecia.com\/index.php?rest_route=\/wp\/v2\/pages\/832"}],"collection":[{"href":"http:\/\/municipiodenuevahelvecia.com\/index.php?rest_route=\/wp\/v2\/pages"}],"about":[{"href":"http:\/\/municipiodenuevahelvecia.com\/index.php?rest_route=\/wp\/v2\/types\/page"}],"author":[{"embeddable":true,"href":"http:\/\/municipiodenuevahelvecia.com\/index.php?rest_route=\/wp\/v2\/users\/8"}],"replies":[{"embeddable":true,"href":"http:\/\/municipiodenuevahelvecia.com\/index.php?rest_route=%2Fwp%2Fv2%2Fcomments&post=832"}],"version-history":[{"count":3,"href":"http:\/\/municipiodenuevahelvecia.com\/index.php?rest_route=\/wp\/v2\/pages\/832\/revisions"}],"predecessor-version":[{"id":4376,"href":"http:\/\/municipiodenuevahelvecia.com\/index.php?rest_route=\/wp\/v2\/pages\/832\/revisions\/4376"}],"up":[{"embeddable":true,"href":"http:\/\/municipiodenuevahelvecia.com\/index.php?rest_route=\/wp\/v2\/pages\/784"}],"wp:attachment":[{"href":"http:\/\/municipiodenuevahelvecia.com\/index.php?rest_route=%2Fwp%2Fv2%2Fmedia&parent=832"}],"curies":[{"name":"wp","href":"https:\/\/api.w.org\/{rel}","templated":true}]}}

Centro Helvético

<p>Clasificación: Edificio.</p>
<p>Dirección: 18 de Julio 1258.</p>
<p>Fecha de fundación: 1915</p>
<p>Es el producto de la transformación de una antigua casa señorial, propiedad de la familia Mendaña. En éstos 100 años ha sido el Centro Social de la ciudad.</p>
<p>Durante mucho tiempo en sus grandes salones se realizaron los bailes más prestigiosos, en donde se reunía la sociedad helvética. Fueron famosos los eventos de presentación en sociedad de las jóvenes helvéticas, lo que daba lugar a un gran despliegue de moda, elegancia y belleza.</p>
<p>Por sus escenarios pasaron artistas prestigiosos del Rio de la Plata, algunos de ellos fueron Enrique Dumas, Héctor Varela y su orquesta, Los Iracundos, Valeria Lima, entre otros.</p>
<p>En su cantina se desarrollaron grandes debates filosóficos, políticos, deportivos, etc., protagonizados por los hombres relevantes de la zona. También era un lugar de entretenimiento, propicio para juegos de salón como billar, ajedrez, naipes, etc. Contando con una interesante biblioteca de entretenimiento.</p>
<p>Fue centro de reunión de la juventud helvética en las décadas de los 60, 70, 80.</p>
<p>Fuente extraída de:</p>
<ul>
<li>Libro “En el ojo de la lupa” de Omar Moreira.</li>
<li>Entrevista a habitante de Nueva Helvecia.</li>
</ul>
<p><a href="http://municipiodenuevahelvecia.com/wp-content/uploads/2016/10/21.jpg"><img decoding="async" loading="lazy" class="aligncenter size-full wp-image-833" src="http://municipiodenuevahelvecia.com/wp-content/uploads/2016/10/21.jpg" alt="" width="678" height="508" srcset="http://municipiodenuevahelvecia.com/wp-content/uploads/2016/10/21.jpg 678w, http://municipiodenuevahelvecia.com/wp-content/uploads/2016/10/21-400x300.jpg 400w" sizes="(max-width: 678px) 100vw, 678px" /></a></p>
<p style="text-align: center;">

<p>Clasificación: Edificio. Dirección: 18 de Julio 1258. Fecha de fundación: 1915 Es el producto de la transformación de una antigua casa señorial, propiedad de la familia Mendaña. En éstos 100 años ha sido el Centro Social de la ciudad. Durante mucho tiempo en sus grandes salones se realizaron los bailes más prestigiosos, en donde se [&hellip;]</p>
