{"id":887,"date":"2016-10-11T18:47:44","date_gmt":"2016-10-11T18:47:44","guid":{"rendered":"http:\/\/municipiodenuevahelvecia.com\/?page_id=887"},"modified":"2016-10-11T19:11:49","modified_gmt":"2016-10-11T19:11:49","slug":"plaza-de-los-fundadores","status":"publish","type":"page","link":"http:\/\/municipiodenuevahelvecia.com\/?page_id=887","title":{"rendered":"Plaza de los Fundadores"},"content":{"rendered":"<p>Clasificaci\u00f3n: Lugar de encuentro p\u00fablico<\/p>\n<p>Direcci\u00f3n: 18 de Julio, Treinta y Tres, Berna y 25 de Agosto<\/p>\n<p>Fecha de fundaci\u00f3n: 1943<\/p>\n<p>A partir de la manzana, la plaza tuvo distintas remodelaciones debido a su terreno con declives pronunciados y un arroyuelo. El dise\u00f1o actual es de Luis Mazzini de 1943, quien como ya exist\u00eda el monumento de extraordinario porte recurri\u00f3 a su imaginaci\u00f3n para armonizar y salvar la desfavorable topograf\u00eda. En su inicio fue denominada Plaza Libertad, posteriormente por el monumento \u201cEl Surco\u201d se llam\u00f3 Plaza de los Fundadores.<\/p>\n<p style=\"text-align: center;\"><a href=\"http:\/\/municipiodenuevahelvecia.com\/wp-content\/uploads\/2016\/10\/42343.jpg\"><img decoding=\"async\" loading=\"lazy\" class=\"aligncenter size-large wp-image-888\" alt=\"\" src=\"http:\/\/municipiodenuevahelvecia.com\/wp-content\/uploads\/2016\/10\/42343-1024x768.jpg\" width=\"530\" height=\"397\" srcset=\"http:\/\/municipiodenuevahelvecia.com\/wp-content\/uploads\/2016\/10\/42343-1024x768.jpg 1024w, http:\/\/municipiodenuevahelvecia.com\/wp-content\/uploads\/2016\/10\/42343-400x300.jpg 400w, http:\/\/municipiodenuevahelvecia.com\/wp-content\/uploads\/2016\/10\/42343.jpg 1076w\" sizes=\"(max-width: 530px) 100vw, 530px\" \/><\/a><\/p>\n<p style=\"text-align: center;\"><strong>Proyecto de 3\u00ba de Bachillerato de Turismo: Facundo Casco, Mar\u00eda Touriz, Gabriel Medero, Mara Hern\u00e1ndez, Santiago Miner.<\/strong><\/p>\n","protected":false},"excerpt":{"rendered":"<p>Clasificaci\u00f3n: Lugar de encuentro p\u00fablico Direcci\u00f3n: 18 de Julio, Treinta y Tres, Berna y 25 de Agosto Fecha de fundaci\u00f3n: 1943 A partir de la manzana, la plaza tuvo distintas remodelaciones debido a su terreno con declives pronunciados y un arroyuelo. El dise\u00f1o actual es de Luis Mazzini de 1943, quien como ya exist\u00eda el [&hellip;]<\/p>\n","protected":false},"author":8,"featured_media":0,"parent":784,"menu_order":0,"comment_status":"open","ping_status":"closed","template":"","meta":[],"_links":{"self":[{"href":"http:\/\/municipiodenuevahelvecia.com\/index.php?rest_route=\/wp\/v2\/pages\/887"}],"collection":[{"href":"http:\/\/municipiodenuevahelvecia.com\/index.php?rest_route=\/wp\/v2\/pages"}],"about":[{"href":"http:\/\/municipiodenuevahelvecia.com\/index.php?rest_route=\/wp\/v2\/types\/page"}],"author":[{"embeddable":true,"href":"http:\/\/municipiodenuevahelvecia.com\/index.php?rest_route=\/wp\/v2\/users\/8"}],"replies":[{"embeddable":true,"href":"http:\/\/municipiodenuevahelvecia.com\/index.php?rest_route=%2Fwp%2Fv2%2Fcomments&post=887"}],"version-history":[{"count":2,"href":"http:\/\/municipiodenuevahelvecia.com\/index.php?rest_route=\/wp\/v2\/pages\/887\/revisions"}],"predecessor-version":[{"id":944,"href":"http:\/\/municipiodenuevahelvecia.com\/index.php?rest_route=\/wp\/v2\/pages\/887\/revisions\/944"}],"up":[{"embeddable":true,"href":"http:\/\/municipiodenuevahelvecia.com\/index.php?rest_route=\/wp\/v2\/pages\/784"}],"wp:attachment":[{"href":"http:\/\/municipiodenuevahelvecia.com\/index.php?rest_route=%2Fwp%2Fv2%2Fmedia&parent=887"}],"curies":[{"name":"wp","href":"https:\/\/api.w.org\/{rel}","templated":true}]}}

<p>Clasificación: Lugar de encuentro público</p>
<p>Dirección: 18 de Julio, Treinta y Tres, Berna y 25 de Agosto</p>
<p>Fecha de fundación: 1943</p>
<p>A partir de la manzana, la plaza tuvo distintas remodelaciones debido a su terreno con declives pronunciados y un arroyuelo. El diseño actual es de Luis Mazzini de 1943, quien como ya existía el monumento de extraordinario porte recurrió a su imaginación para armonizar y salvar la desfavorable topografía. En su inicio fue denominada Plaza Libertad, posteriormente por el monumento “El Surco” se llamó Plaza de los Fundadores.</p>
<p style="text-align: center;"><a href="http://municipiodenuevahelvecia.com/wp-content/uploads/2016/10/42343.jpg"><img decoding="async" loading="lazy" class="aligncenter size-large wp-image-888" alt="" src="http://municipiodenuevahelvecia.com/wp-content/uploads/2016/10/42343-1024x768.jpg" width="530" height="397" srcset="http://municipiodenuevahelvecia.com/wp-content/uploads/2016/10/42343-1024x768.jpg 1024w, http://municipiodenuevahelvecia.com/wp-content/uploads/2016/10/42343-400x300.jpg 400w, http://municipiodenuevahelvecia.com/wp-content/uploads/2016/10/42343.jpg 1076w" sizes="(max-width: 530px) 100vw, 530px" /></a></p>
<p style="text-align: center;"><strong>Proyecto de 3º de Bachillerato de Turismo: Facundo Casco, María Touriz, Gabriel Medero, Mara Hernández, Santiago Miner.</strong></p>

<p>Clasificación: Lugar de encuentro público Dirección: 18 de Julio, Treinta y Tres, Berna y 25 de Agosto Fecha de fundación: 1943 A partir de la manzana, la plaza tuvo distintas remodelaciones debido a su terreno con declives pronunciados y un arroyuelo. El diseño actual es de Luis Mazzini de 1943, quien como ya existía el [&hellip;]</p>
