{"id":913,"date":"2016-10-11T19:01:31","date_gmt":"2016-10-11T19:01:31","guid":{"rendered":"http:\/\/municipiodenuevahelvecia.com\/?page_id=913"},"modified":"2016-10-11T19:13:08","modified_gmt":"2016-10-11T19:13:08","slug":"santuario-de-schoenstatt","status":"publish","type":"page","link":"http:\/\/municipiodenuevahelvecia.com\/?page_id=913","title":{"rendered":"Santuario de Schoenstatt"},"content":{"rendered":"<p>Clasificaci\u00f3n: Edificio.<\/p>\n<p>Direcci\u00f3n: Frau Vogel y Col\u00f3n.<\/p>\n<p>Fecha de fundaci\u00f3n: 1923<\/p>\n<p>Fue el primer santuario filial de Schoenstatt en el mundo del original en Alemania, se construy\u00f3 en 1943 en el parque del Colegio Mater Ter Admirabilis de Nueva Helvecia por las hermanas de Mar\u00eda, con el se inicio una red de santuarios filiales esparcidos hoy en todos los continentes.<\/p>\n<p>La estatua que se encuentra en la entrada del mismo es la del padre Jos\u00e9 Kentenich, fundador de la congregaci\u00f3n de la Hermanas Marianas, que administran y conducen el Colegio en el que se encuentra este Santuario.<\/p>\n<p style=\"text-align: center;\"><a href=\"http:\/\/municipiodenuevahelvecia.com\/wp-content\/uploads\/2016\/10\/234234.png\"><img decoding=\"async\" loading=\"lazy\" class=\"aligncenter size-large wp-image-914\" alt=\"\" src=\"http:\/\/municipiodenuevahelvecia.com\/wp-content\/uploads\/2016\/10\/234234-809x1024.png\" width=\"530\" height=\"670\" srcset=\"http:\/\/municipiodenuevahelvecia.com\/wp-content\/uploads\/2016\/10\/234234-809x1024.png 809w, http:\/\/municipiodenuevahelvecia.com\/wp-content\/uploads\/2016\/10\/234234-237x300.png 237w, http:\/\/municipiodenuevahelvecia.com\/wp-content\/uploads\/2016\/10\/234234.png 849w\" sizes=\"(max-width: 530px) 100vw, 530px\" \/><\/a> <a href=\"http:\/\/municipiodenuevahelvecia.com\/wp-content\/uploads\/2016\/10\/ewr.jpg\"><img decoding=\"async\" loading=\"lazy\" class=\"aligncenter size-full wp-image-915\" alt=\"\" src=\"http:\/\/municipiodenuevahelvecia.com\/wp-content\/uploads\/2016\/10\/ewr.jpg\" width=\"650\" height=\"366\" srcset=\"http:\/\/municipiodenuevahelvecia.com\/wp-content\/uploads\/2016\/10\/ewr.jpg 650w, http:\/\/municipiodenuevahelvecia.com\/wp-content\/uploads\/2016\/10\/ewr-400x225.jpg 400w\" sizes=\"(max-width: 650px) 100vw, 650px\" \/><\/a><\/p>\n<p style=\"text-align: center;\"><strong>Proyecto de 3\u00ba de Bachillerato de Turismo: Facundo Casco, Mar\u00eda Touriz, Gabriel Medero, Mara Hern\u00e1ndez, Santiago Miner.<\/strong><\/p>\n","protected":false},"excerpt":{"rendered":"<p>Clasificaci\u00f3n: Edificio. Direcci\u00f3n: Frau Vogel y Col\u00f3n. Fecha de fundaci\u00f3n: 1923 Fue el primer santuario filial de Schoenstatt en el mundo del original en Alemania, se construy\u00f3 en 1943 en el parque del Colegio Mater Ter Admirabilis de Nueva Helvecia por las hermanas de Mar\u00eda, con el se inicio una red de santuarios filiales esparcidos [&hellip;]<\/p>\n","protected":false},"author":8,"featured_media":0,"parent":784,"menu_order":0,"comment_status":"open","ping_status":"closed","template":"","meta":[],"_links":{"self":[{"href":"http:\/\/municipiodenuevahelvecia.com\/index.php?rest_route=\/wp\/v2\/pages\/913"}],"collection":[{"href":"http:\/\/municipiodenuevahelvecia.com\/index.php?rest_route=\/wp\/v2\/pages"}],"about":[{"href":"http:\/\/municipiodenuevahelvecia.com\/index.php?rest_route=\/wp\/v2\/types\/page"}],"author":[{"embeddable":true,"href":"http:\/\/municipiodenuevahelvecia.com\/index.php?rest_route=\/wp\/v2\/users\/8"}],"replies":[{"embeddable":true,"href":"http:\/\/municipiodenuevahelvecia.com\/index.php?rest_route=%2Fwp%2Fv2%2Fcomments&post=913"}],"version-history":[{"count":2,"href":"http:\/\/municipiodenuevahelvecia.com\/index.php?rest_route=\/wp\/v2\/pages\/913\/revisions"}],"predecessor-version":[{"id":951,"href":"http:\/\/municipiodenuevahelvecia.com\/index.php?rest_route=\/wp\/v2\/pages\/913\/revisions\/951"}],"up":[{"embeddable":true,"href":"http:\/\/municipiodenuevahelvecia.com\/index.php?rest_route=\/wp\/v2\/pages\/784"}],"wp:attachment":[{"href":"http:\/\/municipiodenuevahelvecia.com\/index.php?rest_route=%2Fwp%2Fv2%2Fmedia&parent=913"}],"curies":[{"name":"wp","href":"https:\/\/api.w.org\/{rel}","templated":true}]}}