{"id":1633,"date":"2018-11-18T16:58:47","date_gmt":"2018-11-18T16:58:47","guid":{"rendered":"http:\/\/municipiodenuevahelvecia.com\/?page_id=1633"},"modified":"2018-11-18T17:11:46","modified_gmt":"2018-11-18T17:11:46","slug":"hotel-nirvana","status":"publish","type":"page","link":"https:\/\/municipiodenuevahelvecia.com\/?page_id=1633","title":{"rendered":"Hotel Nirvana"},"content":{"rendered":"<p>Clasificaci\u00f3n: Edificio.<\/p>\n<p>Direcci\u00f3n: Avenida Batlle y Ordo\u00f1ez s\/n.<\/p>\n<p>Hotel Nirvana es un lugar \u00fanico donde 25 hect\u00e1reas de parque aut\u00f3ctono son el contexto perfecto para que la paz y la tranquilidad se adue\u00f1en de todo. Ubicado en un rinc\u00f3n de Colonia Suiza \u2013 cerca de Montevideo y de Buenos Aires-, conserva la tradici\u00f3n familiar y la arquitectura \u00fanica de su edificio, convirti\u00e9ndose en uno de los hoteles con m\u00e1s historia y tradici\u00f3n de la regi\u00f3n.<\/p>\n<p><img decoding=\"async\" loading=\"lazy\" class=\"alignleft size-large wp-image-1637\" src=\"http:\/\/municipiodenuevahelvecia.com\/wp-content\/uploads\/2018\/11\/slide3-compressor-1024x575.jpg\" alt=\"\" width=\"530\" height=\"298\" srcset=\"https:\/\/municipiodenuevahelvecia.com\/wp-content\/uploads\/2018\/11\/slide3-compressor-1024x575.jpg 1024w, https:\/\/municipiodenuevahelvecia.com\/wp-content\/uploads\/2018\/11\/slide3-compressor-400x225.jpg 400w, https:\/\/municipiodenuevahelvecia.com\/wp-content\/uploads\/2018\/11\/slide3-compressor-768x432.jpg 768w, https:\/\/municipiodenuevahelvecia.com\/wp-content\/uploads\/2018\/11\/slide3-compressor.jpg 1920w\" sizes=\"(max-width: 530px) 100vw, 530px\" \/><\/p>\n","protected":false},"excerpt":{"rendered":"<p>Clasificaci\u00f3n: Edificio. Direcci\u00f3n: Avenida Batlle y Ordo\u00f1ez s\/n. Hotel Nirvana es un lugar \u00fanico donde 25 hect\u00e1reas de parque aut\u00f3ctono son el contexto perfecto para que la paz y la tranquilidad se adue\u00f1en de todo. Ubicado en un rinc\u00f3n de Colonia Suiza \u2013 cerca de Montevideo y de Buenos Aires-, conserva la tradici\u00f3n familiar y [&hellip;]<\/p>\n","protected":false},"author":8,"featured_media":0,"parent":784,"menu_order":0,"comment_status":"closed","ping_status":"closed","template":"","meta":[],"_links":{"self":[{"href":"https:\/\/municipiodenuevahelvecia.com\/index.php?rest_route=\/wp\/v2\/pages\/1633"}],"collection":[{"href":"https:\/\/municipiodenuevahelvecia.com\/index.php?rest_route=\/wp\/v2\/pages"}],"about":[{"href":"https:\/\/municipiodenuevahelvecia.com\/index.php?rest_route=\/wp\/v2\/types\/page"}],"author":[{"embeddable":true,"href":"https:\/\/municipiodenuevahelvecia.com\/index.php?rest_route=\/wp\/v2\/users\/8"}],"replies":[{"embeddable":true,"href":"https:\/\/municipiodenuevahelvecia.com\/index.php?rest_route=%2Fwp%2Fv2%2Fcomments&post=1633"}],"version-history":[{"count":2,"href":"https:\/\/municipiodenuevahelvecia.com\/index.php?rest_route=\/wp\/v2\/pages\/1633\/revisions"}],"predecessor-version":[{"id":1638,"href":"https:\/\/municipiodenuevahelvecia.com\/index.php?rest_route=\/wp\/v2\/pages\/1633\/revisions\/1638"}],"up":[{"embeddable":true,"href":"https:\/\/municipiodenuevahelvecia.com\/index.php?rest_route=\/wp\/v2\/pages\/784"}],"wp:attachment":[{"href":"https:\/\/municipiodenuevahelvecia.com\/index.php?rest_route=%2Fwp%2Fv2%2Fmedia&parent=1633"}],"curies":[{"name":"wp","href":"https:\/\/api.w.org\/{rel}","templated":true}]}}