{"id":4358,"date":"2024-02-08T22:28:02","date_gmt":"2024-02-08T22:28:02","guid":{"rendered":"https:\/\/municipiodenuevahelvecia.com\/?page_id=4358"},"modified":"2024-02-08T22:28:03","modified_gmt":"2024-02-08T22:28:03","slug":"garden-club-edelweiss","status":"publish","type":"page","link":"https:\/\/municipiodenuevahelvecia.com\/?page_id=4358","title":{"rendered":"Garden Club Edelweiss"},"content":{"rendered":"\n<p>El Garden Garden Club Edelweiss, es una Asociaci\u00f3n Civil, sin finalidad pol\u00edtica, religiosa, ni lucrativa, fundado el 17 de agosto de 1977, cuenta con 29 socios activos y 2 juezas Internacionales &nbsp;NGC, apasionados por la jardiner\u00eda y el dise\u00f1o floral. De estos, 5 son fundadoras y una colaboradora. Nuestro objetivo principal es compartir conocimientos, promover la conservaci\u00f3n ambiental y colaborar con instituciones locales, (lo que est\u00e9 a nuestro alcance). Como parte de nuestras actividades, organizamos dos eventos anuales. La exposici\u00f3n anual destaca los dise\u00f1os florales y la horticultura, mientras que nuestro mercado de plantas incluye charlas educativas. Ambos eventos son oportunidades para educar y disfrutar<\/p>\n\n\n\n<p>Adem\u00e1s, nos reunimos en las casas de familia de nuestras socias cada 15 d\u00edas, lo que nos brinda la oportunidad perfecta para intercambiar ideas, compartir experiencias y fortalecer nuestros lazos en un entorno acogedor y familiar.<\/p>\n\n\n\n<p>Tambi\u00e9n es importante destacar nuestro programa \u00abGarden Junior\u00bb, donde trabajamos con ni\u00f1os, compartiendo nuestra pasi\u00f3n por la jardiner\u00eda y el cuidado del medio ambiente. Este programa es una parte fundamental de nuestras actividades, brindando a ellos la oportunidad de aprender y disfrutar de la naturaleza.<\/p>\n","protected":false},"excerpt":{"rendered":"<p>El Garden Garden Club Edelweiss, es una Asociaci\u00f3n Civil, sin finalidad pol\u00edtica, religiosa, ni lucrativa, fundado el 17 de agosto de 1977, cuenta con 29 socios activos y 2 juezas Internacionales &nbsp;NGC, apasionados por la jardiner\u00eda y el dise\u00f1o floral. De estos, 5 son fundadoras y una colaboradora. Nuestro objetivo principal es compartir conocimientos, promover [&hellip;]<\/p>\n","protected":false},"author":10,"featured_media":0,"parent":0,"menu_order":0,"comment_status":"closed","ping_status":"closed","template":"","meta":[],"_links":{"self":[{"href":"https:\/\/municipiodenuevahelvecia.com\/index.php?rest_route=\/wp\/v2\/pages\/4358"}],"collection":[{"href":"https:\/\/municipiodenuevahelvecia.com\/index.php?rest_route=\/wp\/v2\/pages"}],"about":[{"href":"https:\/\/municipiodenuevahelvecia.com\/index.php?rest_route=\/wp\/v2\/types\/page"}],"author":[{"embeddable":true,"href":"https:\/\/municipiodenuevahelvecia.com\/index.php?rest_route=\/wp\/v2\/users\/10"}],"replies":[{"embeddable":true,"href":"https:\/\/municipiodenuevahelvecia.com\/index.php?rest_route=%2Fwp%2Fv2%2Fcomments&post=4358"}],"version-history":[{"count":1,"href":"https:\/\/municipiodenuevahelvecia.com\/index.php?rest_route=\/wp\/v2\/pages\/4358\/revisions"}],"predecessor-version":[{"id":4359,"href":"https:\/\/municipiodenuevahelvecia.com\/index.php?rest_route=\/wp\/v2\/pages\/4358\/revisions\/4359"}],"wp:attachment":[{"href":"https:\/\/municipiodenuevahelvecia.com\/index.php?rest_route=%2Fwp%2Fv2%2Fmedia&parent=4358"}],"curies":[{"name":"wp","href":"https:\/\/api.w.org\/{rel}","templated":true}]}}