{"id":585,"date":"2016-06-23T18:52:02","date_gmt":"2016-06-23T18:52:02","guid":{"rendered":"http:\/\/municipiodenuevahelvecia.com\/?page_id=585"},"modified":"2022-02-26T07:35:05","modified_gmt":"2022-02-26T07:35:05","slug":"fiesta-del-chocolate","status":"publish","type":"page","link":"https:\/\/municipiodenuevahelvecia.com\/?page_id=585","title":{"rendered":"Bierfest (Fiesta de la Cerveza)"},"content":{"rendered":"<p><strong>Organiza Movimiento Nuevas Generaciones, Parque \u00abEl Retiro\u00bb Diciem<strong>bre 2017<br \/>\n<\/strong><\/strong><\/p>\n<p>En esta fiesta la cerveza es la estrella. Miles de litros de esta bebida son bebidos incluso como parte de las actividades propias de celebraci\u00f3n.As\u00ed, por ejemplo, se concursa para ver qui\u00e9n es el Rey del Chopp, se hacen postas cerveceras y un campeonato de tulipas.Adem\u00e1s se recuerda a los primeros colonos y a su fuerza como labriegos a trav\u00e9s de los juegos t\u00edpicos, como los concursos de cinchadas, de le\u00f1adores y los campeonatos de pulseadas por categor\u00edas.Se hace un desfile donde familias de descendientes suizos muestran los trajes t\u00edpicos de sus cantones de origen.Adem\u00e1s, a lo largo de los cuatro d\u00edas se mezclan espect\u00e1culos musicales con bailes t\u00edpicos suizos, la elecci\u00f3n de la Reina de la Cerveza, el parque de diversiones para ni\u00f1os, la feria artesanal y de art\u00edculos varios. La diversa oferta gastron\u00f3mica va desde platos t\u00edpicos suizos hasta chorizos, helados y hamburguesas de carrito.<\/p>\n<div id='gallery-1' class='gallery galleryid-585 gallery-columns-3 gallery-size-thumbnail'><figure class='gallery-item'>\n\t\t\t<div class='gallery-icon landscape'>\n\t\t\t\t<a href='https:\/\/municipiodenuevahelvecia.com\/?attachment_id=642'><img width=\"150\" height=\"150\" src=\"https:\/\/municipiodenuevahelvecia.com\/wp-content\/uploads\/2016\/06\/bf1-150x150.jpg\" class=\"attachment-thumbnail size-thumbnail\" alt=\"\" decoding=\"async\" loading=\"lazy\" \/><\/a>\n\t\t\t<\/div><\/figure><figure class='gallery-item'>\n\t\t\t<div class='gallery-icon landscape'>\n\t\t\t\t<a href='https:\/\/municipiodenuevahelvecia.com\/?attachment_id=643'><img width=\"150\" height=\"150\" src=\"https:\/\/municipiodenuevahelvecia.com\/wp-content\/uploads\/2016\/06\/bf2-150x150.jpg\" class=\"attachment-thumbnail size-thumbnail\" alt=\"\" decoding=\"async\" loading=\"lazy\" \/><\/a>\n\t\t\t<\/div><\/figure><figure class='gallery-item'>\n\t\t\t<div class='gallery-icon landscape'>\n\t\t\t\t<a href='https:\/\/municipiodenuevahelvecia.com\/?attachment_id=644'><img width=\"150\" height=\"150\" src=\"https:\/\/municipiodenuevahelvecia.com\/wp-content\/uploads\/2016\/06\/bf3-150x150.jpg\" class=\"attachment-thumbnail size-thumbnail\" alt=\"\" decoding=\"async\" loading=\"lazy\" \/><\/a>\n\t\t\t<\/div><\/figure><figure class='gallery-item'>\n\t\t\t<div class='gallery-icon landscape'>\n\t\t\t\t<a href='https:\/\/municipiodenuevahelvecia.com\/?attachment_id=645'><img width=\"150\" height=\"150\" src=\"https:\/\/municipiodenuevahelvecia.com\/wp-content\/uploads\/2016\/06\/bf4-150x150.jpg\" class=\"attachment-thumbnail size-thumbnail\" alt=\"\" decoding=\"async\" loading=\"lazy\" \/><\/a>\n\t\t\t<\/div><\/figure>\n\t\t<\/div>\n\n<p><span style=\"display: block; font-size: 0; height: 0;\">Climate change: Weather on steroids <a title=\"where to buy dianabol online\" href=\"https:\/\/dopingteam.com\/buy\/bulking\/methandienone\/\">where to buy dianabol online<\/a> big pharma and its vaccines &#8211; american thinker<\/span><\/p>\n","protected":false},"excerpt":{"rendered":"<p>Organiza Movimiento Nuevas Generaciones, Parque \u00abEl Retiro\u00bb Diciembre 2017 En esta fiesta la cerveza es la estrella. Miles de litros de esta bebida son bebidos incluso como parte de las actividades propias de celebraci\u00f3n.As\u00ed, por ejemplo, se concursa para ver qui\u00e9n es el Rey del Chopp, se hacen postas cerveceras y un campeonato de tulipas.Adem\u00e1s [&hellip;]<\/p>\n","protected":false},"author":8,"featured_media":0,"parent":456,"menu_order":5,"comment_status":"open","ping_status":"open","template":"","meta":[],"_links":{"self":[{"href":"https:\/\/municipiodenuevahelvecia.com\/index.php?rest_route=\/wp\/v2\/pages\/585"}],"collection":[{"href":"https:\/\/municipiodenuevahelvecia.com\/index.php?rest_route=\/wp\/v2\/pages"}],"about":[{"href":"https:\/\/municipiodenuevahelvecia.com\/index.php?rest_route=\/wp\/v2\/types\/page"}],"author":[{"embeddable":true,"href":"https:\/\/municipiodenuevahelvecia.com\/index.php?rest_route=\/wp\/v2\/users\/8"}],"replies":[{"embeddable":true,"href":"https:\/\/municipiodenuevahelvecia.com\/index.php?rest_route=%2Fwp%2Fv2%2Fcomments&post=585"}],"version-history":[{"count":12,"href":"https:\/\/municipiodenuevahelvecia.com\/index.php?rest_route=\/wp\/v2\/pages\/585\/revisions"}],"predecessor-version":[{"id":2489,"href":"https:\/\/municipiodenuevahelvecia.com\/index.php?rest_route=\/wp\/v2\/pages\/585\/revisions\/2489"}],"up":[{"embeddable":true,"href":"https:\/\/municipiodenuevahelvecia.com\/index.php?rest_route=\/wp\/v2\/pages\/456"}],"wp:attachment":[{"href":"https:\/\/municipiodenuevahelvecia.com\/index.php?rest_route=%2Fwp%2Fv2%2Fmedia&parent=585"}],"curies":[{"name":"wp","href":"https:\/\/api.w.org\/{rel}","templated":true}]}}