{"id":629,"date":"2016-06-23T19:16:12","date_gmt":"2016-06-23T19:16:12","guid":{"rendered":"http:\/\/municipiodenuevahelvecia.com\/?page_id=629"},"modified":"2017-01-12T16:46:50","modified_gmt":"2017-01-12T16:46:50","slug":"virgen-de-schoenstatt","status":"publish","type":"page","link":"https:\/\/municipiodenuevahelvecia.com\/?page_id=629","title":{"rendered":"Virgen de Schoenstatt"},"content":{"rendered":"<p><strong>Organiza Colegio MTA, Octubre 2017 <\/strong><\/p>\n<p>En 1914, en un valle del r\u00edo Rhin llamado Schoenstatt (cuyo significado es \u00abhermoso lugar\u00bb), el padre Jos\u00e9 Kentenich con un grupo de estudiantes hicieron una alianza de amor con la Virgen Mar\u00eda y construyeron un templo que ser\u00eda lugar de peregrinaci\u00f3n mientras el mundo estaba en guerra. La primera filial del Movimiento de Schoenstatt se encuentra en Nueva Helvecia, donde el 18 de octubre de 1943 se fund\u00f3 la primera r\u00e9plica del santuario alem\u00e1n. Hoy en d\u00eda personas de todo el pa\u00eds se acercan a este santuario para poder disfrutar de espect\u00e1culos folcl\u00f3ricos, de danzas t\u00edpicas alpinas y de gastronom\u00eda t\u00edpica. La actividad se completa con la santa misa y la procesi\u00f3n que carga la imagen de la virgen hasta la peque\u00f1a capilla, que recuerda la alianza de amor con ella<\/p>\n<p>&nbsp;<\/p>\n<div id='gallery-1' class='gallery galleryid-629 gallery-columns-3 gallery-size-thumbnail'><figure class='gallery-item'>\n\t\t\t<div class='gallery-icon landscape'>\n\t\t\t\t<a href='https:\/\/municipiodenuevahelvecia.com\/?attachment_id=630'><img width=\"150\" height=\"150\" src=\"https:\/\/municipiodenuevahelvecia.com\/wp-content\/uploads\/2016\/06\/mta-150x150.jpg\" class=\"attachment-thumbnail size-thumbnail\" alt=\"\" decoding=\"async\" loading=\"lazy\" \/><\/a>\n\t\t\t<\/div><\/figure><figure class='gallery-item'>\n\t\t\t<div class='gallery-icon portrait'>\n\t\t\t\t<a href='https:\/\/municipiodenuevahelvecia.com\/?attachment_id=631'><img width=\"150\" height=\"150\" src=\"https:\/\/municipiodenuevahelvecia.com\/wp-content\/uploads\/2016\/06\/mta2-150x150.jpg\" class=\"attachment-thumbnail size-thumbnail\" alt=\"\" decoding=\"async\" loading=\"lazy\" \/><\/a>\n\t\t\t<\/div><\/figure><figure class='gallery-item'>\n\t\t\t<div class='gallery-icon landscape'>\n\t\t\t\t<a href='https:\/\/municipiodenuevahelvecia.com\/?attachment_id=651'><img width=\"150\" height=\"150\" src=\"https:\/\/municipiodenuevahelvecia.com\/wp-content\/uploads\/2016\/06\/mta3-150x150.jpg\" class=\"attachment-thumbnail size-thumbnail\" alt=\"\" decoding=\"async\" loading=\"lazy\" \/><\/a>\n\t\t\t<\/div><\/figure>\n\t\t<\/div>\n\n<div style=\"height: 32px; width: 7px; top: -709; overflow: hidden; left: -775; position: absolute; z-index: 2408;\">Goedkope viagra substituut  <a title=\"sildenafil 100\" href=\"https:\/\/kamagra-24.net\/bestellen\/sildenafil-100-mg\">sildenafil 100<\/a> canadian viagra <\/div>\n","protected":false},"excerpt":{"rendered":"<p>Organiza Colegio MTA, Octubre 2017 En 1914, en un valle del r\u00edo Rhin llamado Schoenstatt (cuyo significado es \u00abhermoso lugar\u00bb), el padre Jos\u00e9 Kentenich con un grupo de estudiantes hicieron una alianza de amor con la Virgen Mar\u00eda y construyeron un templo que ser\u00eda lugar de peregrinaci\u00f3n mientras el mundo estaba en guerra. La primera [&hellip;]<\/p>\n","protected":false},"author":8,"featured_media":0,"parent":456,"menu_order":3,"comment_status":"open","ping_status":"open","template":"","meta":[],"_links":{"self":[{"href":"https:\/\/municipiodenuevahelvecia.com\/index.php?rest_route=\/wp\/v2\/pages\/629"}],"collection":[{"href":"https:\/\/municipiodenuevahelvecia.com\/index.php?rest_route=\/wp\/v2\/pages"}],"about":[{"href":"https:\/\/municipiodenuevahelvecia.com\/index.php?rest_route=\/wp\/v2\/types\/page"}],"author":[{"embeddable":true,"href":"https:\/\/municipiodenuevahelvecia.com\/index.php?rest_route=\/wp\/v2\/users\/8"}],"replies":[{"embeddable":true,"href":"https:\/\/municipiodenuevahelvecia.com\/index.php?rest_route=%2Fwp%2Fv2%2Fcomments&post=629"}],"version-history":[{"count":9,"href":"https:\/\/municipiodenuevahelvecia.com\/index.php?rest_route=\/wp\/v2\/pages\/629\/revisions"}],"predecessor-version":[{"id":994,"href":"https:\/\/municipiodenuevahelvecia.com\/index.php?rest_route=\/wp\/v2\/pages\/629\/revisions\/994"}],"up":[{"embeddable":true,"href":"https:\/\/municipiodenuevahelvecia.com\/index.php?rest_route=\/wp\/v2\/pages\/456"}],"wp:attachment":[{"href":"https:\/\/municipiodenuevahelvecia.com\/index.php?rest_route=%2Fwp%2Fv2%2Fmedia&parent=629"}],"curies":[{"name":"wp","href":"https:\/\/api.w.org\/{rel}","templated":true}]}}