{"id":835,"date":"2016-10-11T18:17:23","date_gmt":"2016-10-11T18:17:23","guid":{"rendered":"http:\/\/municipiodenuevahelvecia.com\/?page_id=835"},"modified":"2024-02-08T23:54:02","modified_gmt":"2024-02-08T23:54:02","slug":"cine-helvetico","status":"publish","type":"page","link":"https:\/\/municipiodenuevahelvecia.com\/?page_id=835","title":{"rendered":"Cine Helv\u00e9tico"},"content":{"rendered":"<p>Clasificaci\u00f3n: Edificio<\/p>\n<p>Direcci\u00f3n: Luis Dreyer y 25 de Agosto<\/p>\n<p>Fecha de fundaci\u00f3n: 15 de Enero de 1915<\/p>\n<p>El 15 de enero de 1915 nace a la vida el bi\u00f3grafo que se denominar\u00eda Cine Helv\u00e9tico; por iniciativa y riesgo de los hermanos Nemer que fueron sus due\u00f1os y lo impulsaron.<\/p>\n<p>El bi\u00f3grafo era una pantalla donde se proyectaba las pel\u00edculas mudas que se acompa\u00f1aban con un piano las escenas que era interpretado por alguna se\u00f1orita de la ciudad que se ofrec\u00eda para tal fin con tal de ver la pel\u00edcula gratis. Lejos estaba a\u00fan del cine sonoro, el tecnicolor, el cinemascope y la importante estructura del cine actual. En 1935 se produjo el gran salto al cine sonoro y en la d\u00e9cada del 40 el bi\u00f3grafo del pueblo se convierte en la sala que es hoy.<br \/>\nPasaron d\u00e9cadas de \u00e9xito hasta que en el a\u00f1o 1983 cierra sus puertas. Casi diez a\u00f1os m\u00e1s tarde un grupo de padres trabajando por el futuro edificio del Jard\u00edn P\u00fablico logra reabrirlo para recaudar fondos (desde 1993 a 1996) duro lo suficiente como para alcanzar el cometido perseguido. Luego nuevamente cerrar\u00e1 sus puertas.<br \/>\nA ra\u00edz de todo esto y ante la imposibilidad de sus due\u00f1as (viudas de los hermanos Nemer) de venderlo en forma global deciden que la sala y sus instalaciones vayan a remate. A partir de all\u00ed y en distintos \u00e1mbitos pol\u00edticos se busca apoyo y se manifiesta la preocupaci\u00f3n por la desaparici\u00f3n de la \u00fanica sala con m\u00e1s de mil butacas en el suroeste del pa\u00eds y a instancias de la Comisi\u00f3n de Cultura local se genera un movimiento popular para lograr comprar el cine. Este movimiento popular surge del emotivo recuerdo en los ciudadanos de una ni\u00f1ez con tardes de vermout en el cine y de los matrimonios que surgieron de esas salidas.<br \/>\nEn enero del a\u00f1o 1998 se firma el compromiso de compraventa. La cifra en que se adquiere es la suma de U$S 115.000. La compra se logra mediante la entrega de U$S 30.000 recaudados por el grupo de trabajo formado, de parte de comerciantes, industriales, instituciones del medio y la poblaci\u00f3n en general, mediante rifas y espect\u00e1culos beneficios; Aporte de la Intendencia Municipal de Colonia de U$S 25.000 y la exoneraci\u00f3n de impuestos adeudados, m\u00e1s un vale amortizable por la suma de U$S 60.000 con la firma en garant\u00eda conjunta de tres vecinos de la ciudad. De enero a abril se reacondiciona la sala participando en ello gran parte de la poblaci\u00f3n e instituciones de la ciudad.<\/p>\n<p>Actualmente la sala pertenece a la poblaci\u00f3n de Nueva Helvecia y es administrada por una comisi\u00f3n de vecinos que honorariamente lo administra y mantiene.<\/p>\n<p>La madrina de la sala fue la actriz China Zorrilla.<\/p>\n<p>Fuente extra\u00edda de:<\/p>\n<ul>\n<li><a href=\"http:\/\/cinehelvetico.com\/cine.html\">http:\/\/cinehelvetico.com\/cine.html<\/a><\/li>\n<\/ul>\n<p style=\"text-align: center;\"><a href=\"http:\/\/municipiodenuevahelvecia.com\/wp-content\/uploads\/2016\/10\/34.jpg\"><img decoding=\"async\" loading=\"lazy\" class=\"aligncenter size-full wp-image-836\" src=\"http:\/\/municipiodenuevahelvecia.com\/wp-content\/uploads\/2016\/10\/34.jpg\" alt=\"\" width=\"601\" height=\"450\" srcset=\"https:\/\/municipiodenuevahelvecia.com\/wp-content\/uploads\/2016\/10\/34.jpg 601w, https:\/\/municipiodenuevahelvecia.com\/wp-content\/uploads\/2016\/10\/34-400x300.jpg 400w\" sizes=\"(max-width: 601px) 100vw, 601px\" \/><\/a> <a href=\"http:\/\/municipiodenuevahelvecia.com\/wp-content\/uploads\/2016\/10\/453.jpg\"><img decoding=\"async\" loading=\"lazy\" class=\"aligncenter size-large wp-image-837\" src=\"http:\/\/municipiodenuevahelvecia.com\/wp-content\/uploads\/2016\/10\/453-1024x767.jpg\" alt=\"\" width=\"530\" height=\"396\" srcset=\"https:\/\/municipiodenuevahelvecia.com\/wp-content\/uploads\/2016\/10\/453-1024x767.jpg 1024w, https:\/\/municipiodenuevahelvecia.com\/wp-content\/uploads\/2016\/10\/453-400x300.jpg 400w, https:\/\/municipiodenuevahelvecia.com\/wp-content\/uploads\/2016\/10\/453.jpg 1299w\" sizes=\"(max-width: 530px) 100vw, 530px\" \/><\/a><\/p>\n<p style=\"text-align: center;\">\n","protected":false},"excerpt":{"rendered":"<p>Clasificaci\u00f3n: Edificio Direcci\u00f3n: Luis Dreyer y 25 de Agosto Fecha de fundaci\u00f3n: 15 de Enero de 1915 El 15 de enero de 1915 nace a la vida el bi\u00f3grafo que se denominar\u00eda Cine Helv\u00e9tico; por iniciativa y riesgo de los hermanos Nemer que fueron sus due\u00f1os y lo impulsaron. El bi\u00f3grafo era una pantalla donde [&hellip;]<\/p>\n","protected":false},"author":8,"featured_media":0,"parent":784,"menu_order":0,"comment_status":"open","ping_status":"closed","template":"","meta":[],"_links":{"self":[{"href":"https:\/\/municipiodenuevahelvecia.com\/index.php?rest_route=\/wp\/v2\/pages\/835"}],"collection":[{"href":"https:\/\/municipiodenuevahelvecia.com\/index.php?rest_route=\/wp\/v2\/pages"}],"about":[{"href":"https:\/\/municipiodenuevahelvecia.com\/index.php?rest_route=\/wp\/v2\/types\/page"}],"author":[{"embeddable":true,"href":"https:\/\/municipiodenuevahelvecia.com\/index.php?rest_route=\/wp\/v2\/users\/8"}],"replies":[{"embeddable":true,"href":"https:\/\/municipiodenuevahelvecia.com\/index.php?rest_route=%2Fwp%2Fv2%2Fcomments&post=835"}],"version-history":[{"count":3,"href":"https:\/\/municipiodenuevahelvecia.com\/index.php?rest_route=\/wp\/v2\/pages\/835\/revisions"}],"predecessor-version":[{"id":4377,"href":"https:\/\/municipiodenuevahelvecia.com\/index.php?rest_route=\/wp\/v2\/pages\/835\/revisions\/4377"}],"up":[{"embeddable":true,"href":"https:\/\/municipiodenuevahelvecia.com\/index.php?rest_route=\/wp\/v2\/pages\/784"}],"wp:attachment":[{"href":"https:\/\/municipiodenuevahelvecia.com\/index.php?rest_route=%2Fwp%2Fv2%2Fmedia&parent=835"}],"curies":[{"name":"wp","href":"https:\/\/api.w.org\/{rel}","templated":true}]}}