{"id":839,"date":"2016-10-11T18:21:53","date_gmt":"2016-10-11T18:21:53","guid":{"rendered":"http:\/\/municipiodenuevahelvecia.com\/?page_id=839"},"modified":"2016-10-11T19:14:11","modified_gmt":"2016-10-11T19:14:11","slug":"granja-los-fundadores","status":"publish","type":"page","link":"https:\/\/municipiodenuevahelvecia.com\/?page_id=839","title":{"rendered":"Granja Los Fundadores"},"content":{"rendered":"<p>Clasificaci\u00f3n: Edificio.<\/p>\n<p>Direcci\u00f3n: Acceso a Colonia Valdense, entre Enrique Campos y Brasil.<\/p>\n<p>Fecha de fundaci\u00f3n:<\/p>\n<p>Hace m\u00e1s de 150 a\u00f1os en un peque\u00f1o rinc\u00f3n del este de Colonia, se afincaron dos corrientes migratorias, con sus culturas, costumbres y tradiciones.<\/p>\n<p>Buscaban nuevas alternativas de progreso para ellos y sus hijos. La diferencia laboral con que se consolidaron y se complementaron las dos colonias, cre\u00f3 el marco propicio para la elaboraci\u00f3n y comercializaci\u00f3n de los mejores dulces y quesos del pa\u00eds. Con el compromiso de mantener estas tradiciones, hace 30 a\u00f1os naci\u00f3\u00a0 \u201cLos Fundadores\u201d, una empresa familiar que desde Colonia Suiza y con mucho gusto y amor ofrecen a los amigos y clientes m\u00e1s exigentes una extensa l\u00ednea de productos artesanales, tales como: dulces, mermeladas, jaleas, conservas y adem\u00e1s los mejores quesos y vinos de la zona.<\/p>\n<p><a href=\"http:\/\/municipiodenuevahelvecia.com\/wp-content\/uploads\/2016\/10\/234.jpg\"><img decoding=\"async\" loading=\"lazy\" class=\"aligncenter size-large wp-image-840\" alt=\"\" src=\"http:\/\/municipiodenuevahelvecia.com\/wp-content\/uploads\/2016\/10\/234-767x1024.jpg\" width=\"530\" height=\"707\" srcset=\"https:\/\/municipiodenuevahelvecia.com\/wp-content\/uploads\/2016\/10\/234-767x1024.jpg 767w, https:\/\/municipiodenuevahelvecia.com\/wp-content\/uploads\/2016\/10\/234-224x300.jpg 224w, https:\/\/municipiodenuevahelvecia.com\/wp-content\/uploads\/2016\/10\/234.jpg 974w\" sizes=\"(max-width: 530px) 100vw, 530px\" \/><\/a> <a href=\"http:\/\/municipiodenuevahelvecia.com\/wp-content\/uploads\/2016\/10\/242.jpg\"><img decoding=\"async\" loading=\"lazy\" class=\"aligncenter size-full wp-image-841\" alt=\"\" src=\"http:\/\/municipiodenuevahelvecia.com\/wp-content\/uploads\/2016\/10\/242.jpg\" width=\"878\" height=\"555\" srcset=\"https:\/\/municipiodenuevahelvecia.com\/wp-content\/uploads\/2016\/10\/242.jpg 878w, https:\/\/municipiodenuevahelvecia.com\/wp-content\/uploads\/2016\/10\/242-400x252.jpg 400w\" sizes=\"(max-width: 878px) 100vw, 878px\" \/><\/a> <a href=\"http:\/\/municipiodenuevahelvecia.com\/wp-content\/uploads\/2016\/10\/1231.jpg\"><img decoding=\"async\" loading=\"lazy\" class=\"aligncenter size-full wp-image-842\" alt=\"\" src=\"http:\/\/municipiodenuevahelvecia.com\/wp-content\/uploads\/2016\/10\/1231.jpg\" width=\"761\" height=\"763\" srcset=\"https:\/\/municipiodenuevahelvecia.com\/wp-content\/uploads\/2016\/10\/1231.jpg 761w, https:\/\/municipiodenuevahelvecia.com\/wp-content\/uploads\/2016\/10\/1231-150x150.jpg 150w, https:\/\/municipiodenuevahelvecia.com\/wp-content\/uploads\/2016\/10\/1231-299x300.jpg 299w\" sizes=\"(max-width: 761px) 100vw, 761px\" \/><\/a><\/p>\n<p style=\"text-align: center;\"><strong>Proyecto de 3\u00ba de Bachillerato de Turismo: Facundo Casco, Mar\u00eda Touriz, Gabriel Medero, Mara Hern\u00e1ndez, Santiago Miner.<\/strong><\/p>\n","protected":false},"excerpt":{"rendered":"<p>Clasificaci\u00f3n: Edificio. Direcci\u00f3n: Acceso a Colonia Valdense, entre Enrique Campos y Brasil. Fecha de fundaci\u00f3n: Hace m\u00e1s de 150 a\u00f1os en un peque\u00f1o rinc\u00f3n del este de Colonia, se afincaron dos corrientes migratorias, con sus culturas, costumbres y tradiciones. Buscaban nuevas alternativas de progreso para ellos y sus hijos. La diferencia laboral con que se [&hellip;]<\/p>\n","protected":false},"author":8,"featured_media":0,"parent":784,"menu_order":0,"comment_status":"open","ping_status":"closed","template":"","meta":[],"_links":{"self":[{"href":"https:\/\/municipiodenuevahelvecia.com\/index.php?rest_route=\/wp\/v2\/pages\/839"}],"collection":[{"href":"https:\/\/municipiodenuevahelvecia.com\/index.php?rest_route=\/wp\/v2\/pages"}],"about":[{"href":"https:\/\/municipiodenuevahelvecia.com\/index.php?rest_route=\/wp\/v2\/types\/page"}],"author":[{"embeddable":true,"href":"https:\/\/municipiodenuevahelvecia.com\/index.php?rest_route=\/wp\/v2\/users\/8"}],"replies":[{"embeddable":true,"href":"https:\/\/municipiodenuevahelvecia.com\/index.php?rest_route=%2Fwp%2Fv2%2Fcomments&post=839"}],"version-history":[{"count":2,"href":"https:\/\/municipiodenuevahelvecia.com\/index.php?rest_route=\/wp\/v2\/pages\/839\/revisions"}],"predecessor-version":[{"id":955,"href":"https:\/\/municipiodenuevahelvecia.com\/index.php?rest_route=\/wp\/v2\/pages\/839\/revisions\/955"}],"up":[{"embeddable":true,"href":"https:\/\/municipiodenuevahelvecia.com\/index.php?rest_route=\/wp\/v2\/pages\/784"}],"wp:attachment":[{"href":"https:\/\/municipiodenuevahelvecia.com\/index.php?rest_route=%2Fwp%2Fv2%2Fmedia&parent=839"}],"curies":[{"name":"wp","href":"https:\/\/api.w.org\/{rel}","templated":true}]}}

<p>Clasificación: Edificio.</p>
<p>Dirección: Acceso a Colonia Valdense, entre Enrique Campos y Brasil.</p>
<p>Fecha de fundación:</p>
<p>Hace más de 150 años en un pequeño rincón del este de Colonia, se afincaron dos corrientes migratorias, con sus culturas, costumbres y tradiciones.</p>
<p>Buscaban nuevas alternativas de progreso para ellos y sus hijos. La diferencia laboral con que se consolidaron y se complementaron las dos colonias, creó el marco propicio para la elaboración y comercialización de los mejores dulces y quesos del país. Con el compromiso de mantener estas tradiciones, hace 30 años nació  “Los Fundadores”, una empresa familiar que desde Colonia Suiza y con mucho gusto y amor ofrecen a los amigos y clientes más exigentes una extensa línea de productos artesanales, tales como: dulces, mermeladas, jaleas, conservas y además los mejores quesos y vinos de la zona.</p>
<p><a href="http://municipiodenuevahelvecia.com/wp-content/uploads/2016/10/234.jpg"><img decoding="async" loading="lazy" class="aligncenter size-large wp-image-840" alt="" src="http://municipiodenuevahelvecia.com/wp-content/uploads/2016/10/234-767x1024.jpg" width="530" height="707" srcset="https://municipiodenuevahelvecia.com/wp-content/uploads/2016/10/234-767x1024.jpg 767w, https://municipiodenuevahelvecia.com/wp-content/uploads/2016/10/234-224x300.jpg 224w, https://municipiodenuevahelvecia.com/wp-content/uploads/2016/10/234.jpg 974w" sizes="(max-width: 530px) 100vw, 530px" /></a> <a href="http://municipiodenuevahelvecia.com/wp-content/uploads/2016/10/242.jpg"><img decoding="async" loading="lazy" class="aligncenter size-full wp-image-841" alt="" src="http://municipiodenuevahelvecia.com/wp-content/uploads/2016/10/242.jpg" width="878" height="555" srcset="https://municipiodenuevahelvecia.com/wp-content/uploads/2016/10/242.jpg 878w, https://municipiodenuevahelvecia.com/wp-content/uploads/2016/10/242-400x252.jpg 400w" sizes="(max-width: 878px) 100vw, 878px" /></a> <a href="http://municipiodenuevahelvecia.com/wp-content/uploads/2016/10/1231.jpg"><img decoding="async" loading="lazy" class="aligncenter size-full wp-image-842" alt="" src="http://municipiodenuevahelvecia.com/wp-content/uploads/2016/10/1231.jpg" width="761" height="763" srcset="https://municipiodenuevahelvecia.com/wp-content/uploads/2016/10/1231.jpg 761w, https://municipiodenuevahelvecia.com/wp-content/uploads/2016/10/1231-150x150.jpg 150w, https://municipiodenuevahelvecia.com/wp-content/uploads/2016/10/1231-299x300.jpg 299w" sizes="(max-width: 761px) 100vw, 761px" /></a></p>
<p style="text-align: center;"><strong>Proyecto de 3º de Bachillerato de Turismo: Facundo Casco, María Touriz, Gabriel Medero, Mara Hernández, Santiago Miner.</strong></p>

<p>Clasificación: Edificio. Dirección: Acceso a Colonia Valdense, entre Enrique Campos y Brasil. Fecha de fundación: Hace más de 150 años en un pequeño rincón del este de Colonia, se afincaron dos corrientes migratorias, con sus culturas, costumbres y tradiciones. Buscaban nuevas alternativas de progreso para ellos y sus hijos. La diferencia laboral con que se [&hellip;]</p>
