{"id":847,"date":"2016-10-11T18:25:59","date_gmt":"2016-10-11T18:25:59","guid":{"rendered":"http:\/\/municipiodenuevahelvecia.com\/?page_id=847"},"modified":"2024-02-09T00:14:02","modified_gmt":"2024-02-09T00:14:02","slug":"hotel-del-prado","status":"publish","type":"page","link":"https:\/\/municipiodenuevahelvecia.com\/?page_id=847","title":{"rendered":"Hotel del Prado"},"content":{"rendered":"<p>Clasificaci\u00f3n: Edificio.<\/p>\n<p>Direcci\u00f3n: 25 de Abril, esquina 21 de Noviembre.<\/p>\n<p>Fecha de fundaci\u00f3n: 1898<\/p>\n<p>El hotel, fue fundado por Alberto Reisch en 1898 sobre una fabrica antigua de cerveza construida por Julio Chapalai en 1878 posteriormente transformada por Te\u00f3filo y otro Neirthart en 1888. Su edificaci\u00f3n da sensaci\u00f3n de fortaleza porque posee: galer\u00edas subterr\u00e1neas, sin viga, con piedras, ladrillos, tierras romanas y fundamentalmente con uso de arco, la b\u00f3veda, con los accesos y ventilaciones.<\/p>\n<p>Extra\u00eddo de:<\/p>\n<ul>\n<li>Libro \u201cEn el ojo de la lupa\u201d de Omar Moreira.<\/li>\n<\/ul>\n<p style=\"text-align: center;\"><a href=\"http:\/\/municipiodenuevahelvecia.com\/wp-content\/uploads\/2016\/10\/ertas.jpg\"><img decoding=\"async\" loading=\"lazy\" class=\"aligncenter size-full wp-image-848\" src=\"http:\/\/municipiodenuevahelvecia.com\/wp-content\/uploads\/2016\/10\/ertas.jpg\" alt=\"\" width=\"398\" height=\"293\" \/><\/a><\/p>\n<p style=\"text-align: center;\">\n","protected":false},"excerpt":{"rendered":"<p>Clasificaci\u00f3n: Edificio. Direcci\u00f3n: 25 de Abril, esquina 21 de Noviembre. Fecha de fundaci\u00f3n: 1898 El hotel, fue fundado por Alberto Reisch en 1898 sobre una fabrica antigua de cerveza construida por Julio Chapalai en 1878 posteriormente transformada por Te\u00f3filo y otro Neirthart en 1888. Su edificaci\u00f3n da sensaci\u00f3n de fortaleza porque posee: galer\u00edas subterr\u00e1neas, sin [&hellip;]<\/p>\n","protected":false},"author":8,"featured_media":0,"parent":784,"menu_order":0,"comment_status":"open","ping_status":"closed","template":"","meta":[],"_links":{"self":[{"href":"https:\/\/municipiodenuevahelvecia.com\/index.php?rest_route=\/wp\/v2\/pages\/847"}],"collection":[{"href":"https:\/\/municipiodenuevahelvecia.com\/index.php?rest_route=\/wp\/v2\/pages"}],"about":[{"href":"https:\/\/municipiodenuevahelvecia.com\/index.php?rest_route=\/wp\/v2\/types\/page"}],"author":[{"embeddable":true,"href":"https:\/\/municipiodenuevahelvecia.com\/index.php?rest_route=\/wp\/v2\/users\/8"}],"replies":[{"embeddable":true,"href":"https:\/\/municipiodenuevahelvecia.com\/index.php?rest_route=%2Fwp%2Fv2%2Fcomments&post=847"}],"version-history":[{"count":3,"href":"https:\/\/municipiodenuevahelvecia.com\/index.php?rest_route=\/wp\/v2\/pages\/847\/revisions"}],"predecessor-version":[{"id":4395,"href":"https:\/\/municipiodenuevahelvecia.com\/index.php?rest_route=\/wp\/v2\/pages\/847\/revisions\/4395"}],"up":[{"embeddable":true,"href":"https:\/\/municipiodenuevahelvecia.com\/index.php?rest_route=\/wp\/v2\/pages\/784"}],"wp:attachment":[{"href":"https:\/\/municipiodenuevahelvecia.com\/index.php?rest_route=%2Fwp%2Fv2%2Fmedia&parent=847"}],"curies":[{"name":"wp","href":"https:\/\/api.w.org\/{rel}","templated":true}]}}

<p>Clasificación: Edificio.</p>
<p>Dirección: 25 de Abril, esquina 21 de Noviembre.</p>
<p>Fecha de fundación: 1898</p>
<p>El hotel, fue fundado por Alberto Reisch en 1898 sobre una fabrica antigua de cerveza construida por Julio Chapalai en 1878 posteriormente transformada por Teófilo y otro Neirthart en 1888. Su edificación da sensación de fortaleza porque posee: galerías subterráneas, sin viga, con piedras, ladrillos, tierras romanas y fundamentalmente con uso de arco, la bóveda, con los accesos y ventilaciones.</p>
<p>Extraído de:</p>
<ul>
<li>Libro “En el ojo de la lupa” de Omar Moreira.</li>
</ul>
<p style="text-align: center;"><a href="http://municipiodenuevahelvecia.com/wp-content/uploads/2016/10/ertas.jpg"><img decoding="async" loading="lazy" class="aligncenter size-full wp-image-848" src="http://municipiodenuevahelvecia.com/wp-content/uploads/2016/10/ertas.jpg" alt="" width="398" height="293" /></a></p>
<p style="text-align: center;">

<p>Clasificación: Edificio. Dirección: 25 de Abril, esquina 21 de Noviembre. Fecha de fundación: 1898 El hotel, fue fundado por Alberto Reisch en 1898 sobre una fabrica antigua de cerveza construida por Julio Chapalai en 1878 posteriormente transformada por Teófilo y otro Neirthart en 1888. Su edificación da sensación de fortaleza porque posee: galerías subterráneas, sin [&hellip;]</p>
