{"id":869,"date":"2016-10-11T18:38:49","date_gmt":"2016-10-11T18:38:49","guid":{"rendered":"http:\/\/municipiodenuevahelvecia.com\/?page_id=869"},"modified":"2024-02-09T00:10:51","modified_gmt":"2024-02-09T00:10:51","slug":"monumento-el-surco","status":"publish","type":"page","link":"https:\/\/municipiodenuevahelvecia.com\/?page_id=869","title":{"rendered":"Monumento \u201cEl Surco\u201d"},"content":{"rendered":"<p>Direcci\u00f3n: Plaza los Fundadores<\/p>\n<p>Clasificaci\u00f3n: Monumento<\/p>\n<p>Fecha de fundaci\u00f3n: 26 de Mayo de 1944<\/p>\n<p>La idea de honrar la memoria de los colonos fundadores mediante la realizaci\u00f3n de un monumento comienza a gestarse en el a\u00f1o 1912 cuando colonia suiza cumpli\u00f3 su 50 aniversario de su fundaci\u00f3n. El 24 de diciembre de 1929 la asamblea general sanciono la ley n\u00ba 8603 para ser posible la erecci\u00f3n del monumento y contribuyo con 5000 pesos pero ese dinero no fue suficiente y se recibieron contribuciones voluntarias.<\/p>\n<p>El 25 de abril 1937 con motivo de conmemorarse el 70 aniversario de la fundaci\u00f3n del la Colonia Suiza se coloca la piedra fundamental del monumento que se inaugura, oficialmente el 26 de mayo de 1944 al cumplirse el cincuentenario de la declaraci\u00f3n de pueblo de Nueva Helvecia, obra del escultor italiano, Ar\u00edstides Bassi\u00a0 y denominado \u201cEl Surco\u201d.<\/p>\n<p style=\"text-align: center;\"><a href=\"http:\/\/municipiodenuevahelvecia.com\/wp-content\/uploads\/2016\/10\/2423.jpg\"><img decoding=\"async\" loading=\"lazy\" class=\"aligncenter size-full wp-image-870\" src=\"http:\/\/municipiodenuevahelvecia.com\/wp-content\/uploads\/2016\/10\/2423.jpg\" alt=\"\" width=\"349\" height=\"233\" \/><\/a> <a href=\"http:\/\/municipiodenuevahelvecia.com\/wp-content\/uploads\/2016\/10\/24234.jpg\"><img decoding=\"async\" loading=\"lazy\" class=\"aligncenter size-full wp-image-871\" src=\"http:\/\/municipiodenuevahelvecia.com\/wp-content\/uploads\/2016\/10\/24234.jpg\" alt=\"\" width=\"800\" height=\"516\" srcset=\"https:\/\/municipiodenuevahelvecia.com\/wp-content\/uploads\/2016\/10\/24234.jpg 800w, https:\/\/municipiodenuevahelvecia.com\/wp-content\/uploads\/2016\/10\/24234-400x258.jpg 400w\" sizes=\"(max-width: 800px) 100vw, 800px\" \/><\/a><\/p>\n<p style=\"text-align: center;\">\n","protected":false},"excerpt":{"rendered":"<p>Direcci\u00f3n: Plaza los Fundadores Clasificaci\u00f3n: Monumento Fecha de fundaci\u00f3n: 26 de Mayo de 1944 La idea de honrar la memoria de los colonos fundadores mediante la realizaci\u00f3n de un monumento comienza a gestarse en el a\u00f1o 1912 cuando colonia suiza cumpli\u00f3 su 50 aniversario de su fundaci\u00f3n. El 24 de diciembre de 1929 la asamblea [&hellip;]<\/p>\n","protected":false},"author":8,"featured_media":0,"parent":784,"menu_order":0,"comment_status":"open","ping_status":"closed","template":"","meta":[],"_links":{"self":[{"href":"https:\/\/municipiodenuevahelvecia.com\/index.php?rest_route=\/wp\/v2\/pages\/869"}],"collection":[{"href":"https:\/\/municipiodenuevahelvecia.com\/index.php?rest_route=\/wp\/v2\/pages"}],"about":[{"href":"https:\/\/municipiodenuevahelvecia.com\/index.php?rest_route=\/wp\/v2\/types\/page"}],"author":[{"embeddable":true,"href":"https:\/\/municipiodenuevahelvecia.com\/index.php?rest_route=\/wp\/v2\/users\/8"}],"replies":[{"embeddable":true,"href":"https:\/\/municipiodenuevahelvecia.com\/index.php?rest_route=%2Fwp%2Fv2%2Fcomments&post=869"}],"version-history":[{"count":3,"href":"https:\/\/municipiodenuevahelvecia.com\/index.php?rest_route=\/wp\/v2\/pages\/869\/revisions"}],"predecessor-version":[{"id":4390,"href":"https:\/\/municipiodenuevahelvecia.com\/index.php?rest_route=\/wp\/v2\/pages\/869\/revisions\/4390"}],"up":[{"embeddable":true,"href":"https:\/\/municipiodenuevahelvecia.com\/index.php?rest_route=\/wp\/v2\/pages\/784"}],"wp:attachment":[{"href":"https:\/\/municipiodenuevahelvecia.com\/index.php?rest_route=%2Fwp%2Fv2%2Fmedia&parent=869"}],"curies":[{"name":"wp","href":"https:\/\/api.w.org\/{rel}","templated":true}]}}