{"id":873,"date":"2016-10-11T18:41:17","date_gmt":"2016-10-11T18:41:17","guid":{"rendered":"http:\/\/municipiodenuevahelvecia.com\/?page_id=873"},"modified":"2016-10-11T19:11:17","modified_gmt":"2016-10-11T19:11:17","slug":"movimiento-nuevas-generaciones","status":"publish","type":"page","link":"https:\/\/municipiodenuevahelvecia.com\/?page_id=873","title":{"rendered":"Movimiento Nuevas Generaciones"},"content":{"rendered":"<p>Clasificaci\u00f3n: Edificio.<\/p>\n<p>Direcci\u00f3n: 25 de agosto, entre Berna y 18 de Julio 1179.<\/p>\n<p>Fecha de fundaci\u00f3n: 16 de Mayo de 1964<\/p>\n<p>El edificio del movimiento nuevas generaciones que originalmente fue la casa de la familia Calvi y posteriormente el primer local del liceo. Fue fundado el 16 de mayo de 1964 por un grupo de personas que no ten\u00edan m\u00e1s de 35 a\u00f1os.<\/p>\n<p>En sus principios el edificio fue una antigua casa familiar, esto se ve reflejado en su arquitectura, ya que fue levantada sobre cinco b\u00f3vedas, por las que pasaba una corriente de agua.<\/p>\n<p>Los hechos del 1962 a\u00f1o del centenario, hab\u00eda dividido a la sociedad de Helvecia lleg\u00e1ndose a una selecci\u00f3n entre las listas para decidir qui\u00e9nes organizar\u00edan los festejos.<\/p>\n<p>Estos j\u00f3venes consideraron la posibilidad en crear una nueva instituci\u00f3n que pudiera nuclear e intentan cerrar las heridas abiertas.<\/p>\n<p>El 19 de diciembre de 1963, hubo una reuni\u00f3n en la fano platea de la entonces radio Berna para debatir la idea b\u00e1sica de este Movimiento, tambi\u00e9n se discute el nombre \u201cMovimiento Nuevas Generaciones Colonia Suiza, Unidad y Progreso\u201d , que es aprobado.<\/p>\n<p>Los fundamentos de la nueva instituci\u00f3n que seg\u00fan expresa el acta son:<\/p>\n<p>Estructurar la historia autentica de la Colonia Suiza.<\/p>\n<p>Colaborar con todas las iniciativas de inter\u00e9s general para la regi\u00f3n.<\/p>\n<p>Promover\u00a0 una amplia labor educativa de nuestra ni\u00f1ez y juventud.<\/p>\n<p>Este movimiento en los distintos planos que va a encarar, se basara en los principios demo geogr\u00e1ficos, pol\u00edticos y no religiosos.<\/p>\n<p>Por el a\u00f1o 1985 el Movimiento Nuevas Generaciones pasaba por un momento dif\u00edcil, y hacia pensar en las posibilidades de un final.<\/p>\n<p>Uno de los motivos, fue la falta de renovaci\u00f3n en los integrantes, la necesidad de integrar nueva gente. Se logro entonces atraer a algunas personas, como el Dr. Horacio Meny y el Agr. Guillermo Amonte.<\/p>\n<p>La inauguraci\u00f3n tuvo lugar en el marco de la Bierfest en 1988. Seg\u00fan la cr\u00f3nica del diario Helvecia, de la fecha 16 de diciembre del ese a\u00f1o, en el acto estuvieron presentes el entonces ministro de transporte y obras publicas. En marzo de 1989 el Movimiento Nuevas Generaciones celebr\u00f3 sus 20 a\u00f1os en la nueva sede. En la actualidad es un centro de enorme actividad ya que no solo funciona en sus instalaciones el espacio artesanal sino que en \u00e9l se re\u00fane casi todas las instituciones como Club de Leones, Rotari, Interact, P\u00e9rez Scremini, etc.<\/p>\n<p><a href=\"http:\/\/municipiodenuevahelvecia.com\/wp-content\/uploads\/2016\/10\/342.jpg\"><img decoding=\"async\" loading=\"lazy\" class=\"aligncenter size-full wp-image-874\" alt=\"\" src=\"http:\/\/municipiodenuevahelvecia.com\/wp-content\/uploads\/2016\/10\/342.jpg\" width=\"760\" height=\"380\" srcset=\"https:\/\/municipiodenuevahelvecia.com\/wp-content\/uploads\/2016\/10\/342.jpg 760w, https:\/\/municipiodenuevahelvecia.com\/wp-content\/uploads\/2016\/10\/342-400x200.jpg 400w\" sizes=\"(max-width: 760px) 100vw, 760px\" \/><\/a> <a href=\"http:\/\/municipiodenuevahelvecia.com\/wp-content\/uploads\/2016\/10\/23424.jpg\"><img decoding=\"async\" loading=\"lazy\" class=\"aligncenter size-full wp-image-875\" alt=\"\" src=\"http:\/\/municipiodenuevahelvecia.com\/wp-content\/uploads\/2016\/10\/23424.jpg\" width=\"930\" height=\"795\" srcset=\"https:\/\/municipiodenuevahelvecia.com\/wp-content\/uploads\/2016\/10\/23424.jpg 930w, https:\/\/municipiodenuevahelvecia.com\/wp-content\/uploads\/2016\/10\/23424-350x300.jpg 350w\" sizes=\"(max-width: 930px) 100vw, 930px\" \/><\/a> <a href=\"http:\/\/municipiodenuevahelvecia.com\/wp-content\/uploads\/2016\/10\/rewr.png\"><img decoding=\"async\" loading=\"lazy\" class=\"aligncenter size-full wp-image-876\" alt=\"\" src=\"http:\/\/municipiodenuevahelvecia.com\/wp-content\/uploads\/2016\/10\/rewr.png\" width=\"791\" height=\"594\" srcset=\"https:\/\/municipiodenuevahelvecia.com\/wp-content\/uploads\/2016\/10\/rewr.png 791w, https:\/\/municipiodenuevahelvecia.com\/wp-content\/uploads\/2016\/10\/rewr-400x300.png 400w\" sizes=\"(max-width: 791px) 100vw, 791px\" \/><\/a><\/p>\n<p style=\"text-align: center;\"><strong>Proyecto de 3\u00ba de Bachillerato de Turismo: Facundo Casco, Mar\u00eda Touriz, Gabriel Medero, Mara Hern\u00e1ndez, Santiago Miner.<\/strong><\/p>\n","protected":false},"excerpt":{"rendered":"<p>Clasificaci\u00f3n: Edificio. Direcci\u00f3n: 25 de agosto, entre Berna y 18 de Julio 1179. Fecha de fundaci\u00f3n: 16 de Mayo de 1964 El edificio del movimiento nuevas generaciones que originalmente fue la casa de la familia Calvi y posteriormente el primer local del liceo. Fue fundado el 16 de mayo de 1964 por un grupo de [&hellip;]<\/p>\n","protected":false},"author":8,"featured_media":0,"parent":784,"menu_order":0,"comment_status":"open","ping_status":"closed","template":"","meta":[],"_links":{"self":[{"href":"https:\/\/municipiodenuevahelvecia.com\/index.php?rest_route=\/wp\/v2\/pages\/873"}],"collection":[{"href":"https:\/\/municipiodenuevahelvecia.com\/index.php?rest_route=\/wp\/v2\/pages"}],"about":[{"href":"https:\/\/municipiodenuevahelvecia.com\/index.php?rest_route=\/wp\/v2\/types\/page"}],"author":[{"embeddable":true,"href":"https:\/\/municipiodenuevahelvecia.com\/index.php?rest_route=\/wp\/v2\/users\/8"}],"replies":[{"embeddable":true,"href":"https:\/\/municipiodenuevahelvecia.com\/index.php?rest_route=%2Fwp%2Fv2%2Fcomments&post=873"}],"version-history":[{"count":2,"href":"https:\/\/municipiodenuevahelvecia.com\/index.php?rest_route=\/wp\/v2\/pages\/873\/revisions"}],"predecessor-version":[{"id":941,"href":"https:\/\/municipiodenuevahelvecia.com\/index.php?rest_route=\/wp\/v2\/pages\/873\/revisions\/941"}],"up":[{"embeddable":true,"href":"https:\/\/municipiodenuevahelvecia.com\/index.php?rest_route=\/wp\/v2\/pages\/784"}],"wp:attachment":[{"href":"https:\/\/municipiodenuevahelvecia.com\/index.php?rest_route=%2Fwp%2Fv2%2Fmedia&parent=873"}],"curies":[{"name":"wp","href":"https:\/\/api.w.org\/{rel}","templated":true}]}}