{"id":896,"date":"2016-10-11T18:53:50","date_gmt":"2016-10-11T18:53:50","guid":{"rendered":"http:\/\/municipiodenuevahelvecia.com\/?page_id=896"},"modified":"2016-10-11T19:12:17","modified_gmt":"2016-10-11T19:12:17","slug":"primer-templo-catolico","status":"publish","type":"page","link":"https:\/\/municipiodenuevahelvecia.com\/?page_id=896","title":{"rendered":"Primer templo Cat\u00f3lico"},"content":{"rendered":"<p>Clasificaci\u00f3n: Edificio.<\/p>\n<p>Direcci\u00f3n: Treinta y Tres, entre 18 de Julio y Berna.<\/p>\n<p>La capilla de la Sant\u00edsima Trinidad, se levanta en una de las dos parcelas que en 1872 Jos\u00e9 Willebald (cat\u00f3lico) cede a la Comisi\u00f3n Fundadora del Pueblo; una por compra venta y la otra por donaci\u00f3n. De estas dos parcelas una se destinaria para la plaza y la otra para la iglesia. La piedra fundamental de la capilla fue colocada el 6 de agosto de 1872, inaugurada el 1 de octubre de 1873\u00a0 se inaugura la iglesia de la Sant\u00edsima Trinidad que depend\u00eda de la iglesia de Rosario, hoy de la Di\u00f3cesis de Mercedes.<\/p>\n<p>Al construirse el atrio y la torre de la iglesia de Nueva Helvecia en 1902, dotada de un potente campanario, d\u00e1ndole un mayor atractivo y el aspecto t\u00edpico y caracter\u00edstico de las iglesias centroeuropeas.<\/p>\n<p>El reloj de origen alem\u00e1n fue instalado en el a\u00f1o 1929, en el lugar ya prefijado de la torre, adquirido por colaboraci\u00f3n de la poblaci\u00f3n al impuls\u00f3 de una Comisi\u00f3n de Damas.<\/p>\n<p>En 1978 fue levantado el nuevo\u00a0 templo que parecer\u00eda concordar muy poco desde el punto de vista arquitect\u00f3nico con su entorno.<\/p>\n<p><a href=\"http:\/\/municipiodenuevahelvecia.com\/wp-content\/uploads\/2016\/10\/3234.jpg\"><img decoding=\"async\" loading=\"lazy\" class=\"aligncenter size-full wp-image-898\" alt=\"\" src=\"http:\/\/municipiodenuevahelvecia.com\/wp-content\/uploads\/2016\/10\/3234.jpg\" width=\"435\" height=\"327\" srcset=\"https:\/\/municipiodenuevahelvecia.com\/wp-content\/uploads\/2016\/10\/3234.jpg 435w, https:\/\/municipiodenuevahelvecia.com\/wp-content\/uploads\/2016\/10\/3234-400x300.jpg 400w\" sizes=\"(max-width: 435px) 100vw, 435px\" \/><\/a> <a href=\"http:\/\/municipiodenuevahelvecia.com\/wp-content\/uploads\/2016\/10\/3454.jpg\"><img decoding=\"async\" loading=\"lazy\" class=\"aligncenter size-full wp-image-899\" alt=\"\" src=\"http:\/\/municipiodenuevahelvecia.com\/wp-content\/uploads\/2016\/10\/3454.jpg\" width=\"359\" height=\"214\" \/><\/a> <a href=\"http:\/\/municipiodenuevahelvecia.com\/wp-content\/uploads\/2016\/10\/eqwe.jpg\"><img decoding=\"async\" loading=\"lazy\" class=\"aligncenter size-full wp-image-900\" alt=\"\" src=\"http:\/\/municipiodenuevahelvecia.com\/wp-content\/uploads\/2016\/10\/eqwe.jpg\" width=\"304\" height=\"405\" srcset=\"https:\/\/municipiodenuevahelvecia.com\/wp-content\/uploads\/2016\/10\/eqwe.jpg 304w, https:\/\/municipiodenuevahelvecia.com\/wp-content\/uploads\/2016\/10\/eqwe-225x300.jpg 225w\" sizes=\"(max-width: 304px) 100vw, 304px\" \/><\/a><\/p>\n","protected":false},"excerpt":{"rendered":"<p>Clasificaci\u00f3n: Edificio. Direcci\u00f3n: Treinta y Tres, entre 18 de Julio y Berna. La capilla de la Sant\u00edsima Trinidad, se levanta en una de las dos parcelas que en 1872 Jos\u00e9 Willebald (cat\u00f3lico) cede a la Comisi\u00f3n Fundadora del Pueblo; una por compra venta y la otra por donaci\u00f3n. De estas dos parcelas una se destinaria [&hellip;]<\/p>\n","protected":false},"author":8,"featured_media":0,"parent":784,"menu_order":0,"comment_status":"open","ping_status":"closed","template":"","meta":[],"_links":{"self":[{"href":"https:\/\/municipiodenuevahelvecia.com\/index.php?rest_route=\/wp\/v2\/pages\/896"}],"collection":[{"href":"https:\/\/municipiodenuevahelvecia.com\/index.php?rest_route=\/wp\/v2\/pages"}],"about":[{"href":"https:\/\/municipiodenuevahelvecia.com\/index.php?rest_route=\/wp\/v2\/types\/page"}],"author":[{"embeddable":true,"href":"https:\/\/municipiodenuevahelvecia.com\/index.php?rest_route=\/wp\/v2\/users\/8"}],"replies":[{"embeddable":true,"href":"https:\/\/municipiodenuevahelvecia.com\/index.php?rest_route=%2Fwp%2Fv2%2Fcomments&post=896"}],"version-history":[{"count":2,"href":"https:\/\/municipiodenuevahelvecia.com\/index.php?rest_route=\/wp\/v2\/pages\/896\/revisions"}],"predecessor-version":[{"id":947,"href":"https:\/\/municipiodenuevahelvecia.com\/index.php?rest_route=\/wp\/v2\/pages\/896\/revisions\/947"}],"up":[{"embeddable":true,"href":"https:\/\/municipiodenuevahelvecia.com\/index.php?rest_route=\/wp\/v2\/pages\/784"}],"wp:attachment":[{"href":"https:\/\/municipiodenuevahelvecia.com\/index.php?rest_route=%2Fwp%2Fv2%2Fmedia&parent=896"}],"curies":[{"name":"wp","href":"https:\/\/api.w.org\/{rel}","templated":true}]}}

Primer templo Católico

<p>Clasificación: Edificio.</p>
<p>Dirección: Treinta y Tres, entre 18 de Julio y Berna.</p>
<p>La capilla de la Santísima Trinidad, se levanta en una de las dos parcelas que en 1872 José Willebald (católico) cede a la Comisión Fundadora del Pueblo; una por compra venta y la otra por donación. De estas dos parcelas una se destinaria para la plaza y la otra para la iglesia. La piedra fundamental de la capilla fue colocada el 6 de agosto de 1872, inaugurada el 1 de octubre de 1873  se inaugura la iglesia de la Santísima Trinidad que dependía de la iglesia de Rosario, hoy de la Diócesis de Mercedes.</p>
<p>Al construirse el atrio y la torre de la iglesia de Nueva Helvecia en 1902, dotada de un potente campanario, dándole un mayor atractivo y el aspecto típico y característico de las iglesias centroeuropeas.</p>
<p>El reloj de origen alemán fue instalado en el año 1929, en el lugar ya prefijado de la torre, adquirido por colaboración de la población al impulsó de una Comisión de Damas.</p>
<p>En 1978 fue levantado el nuevo  templo que parecería concordar muy poco desde el punto de vista arquitectónico con su entorno.</p>
<p><a href="http://municipiodenuevahelvecia.com/wp-content/uploads/2016/10/3234.jpg"><img decoding="async" loading="lazy" class="aligncenter size-full wp-image-898" alt="" src="http://municipiodenuevahelvecia.com/wp-content/uploads/2016/10/3234.jpg" width="435" height="327" srcset="https://municipiodenuevahelvecia.com/wp-content/uploads/2016/10/3234.jpg 435w, https://municipiodenuevahelvecia.com/wp-content/uploads/2016/10/3234-400x300.jpg 400w" sizes="(max-width: 435px) 100vw, 435px" /></a> <a href="http://municipiodenuevahelvecia.com/wp-content/uploads/2016/10/3454.jpg"><img decoding="async" loading="lazy" class="aligncenter size-full wp-image-899" alt="" src="http://municipiodenuevahelvecia.com/wp-content/uploads/2016/10/3454.jpg" width="359" height="214" /></a> <a href="http://municipiodenuevahelvecia.com/wp-content/uploads/2016/10/eqwe.jpg"><img decoding="async" loading="lazy" class="aligncenter size-full wp-image-900" alt="" src="http://municipiodenuevahelvecia.com/wp-content/uploads/2016/10/eqwe.jpg" width="304" height="405" srcset="https://municipiodenuevahelvecia.com/wp-content/uploads/2016/10/eqwe.jpg 304w, https://municipiodenuevahelvecia.com/wp-content/uploads/2016/10/eqwe-225x300.jpg 225w" sizes="(max-width: 304px) 100vw, 304px" /></a></p>

<p>Clasificación: Edificio. Dirección: Treinta y Tres, entre 18 de Julio y Berna. La capilla de la Santísima Trinidad, se levanta en una de las dos parcelas que en 1872 José Willebald (católico) cede a la Comisión Fundadora del Pueblo; una por compra venta y la otra por donación. De estas dos parcelas una se destinaria [&hellip;]</p>
