{"id":902,"date":"2016-10-11T18:56:07","date_gmt":"2016-10-11T18:56:07","guid":{"rendered":"http:\/\/municipiodenuevahelvecia.com\/?page_id=902"},"modified":"2016-10-11T19:12:27","modified_gmt":"2016-10-11T19:12:27","slug":"primera-administracion-de-la-colonia","status":"publish","type":"page","link":"https:\/\/municipiodenuevahelvecia.com\/?page_id=902","title":{"rendered":"Primera Administraci\u00f3n de la colonia"},"content":{"rendered":"<p>Clasificaci\u00f3n: Edificio.<\/p>\n<p>Direcci\u00f3n: Siegrist y Fender, entre Avenida Gilomen y Antonio Pedreira.<\/p>\n<p>Fecha de fundaci\u00f3n:<\/p>\n<p>Est\u00e1 ubicada en una de las zonas m\u00e1s altas de Nueva Helvecia. Siendo un punto privilegiado por su posici\u00f3n respecto a los caminos y visualidad. El conjunto de la administraci\u00f3n original de la Colonia consiste en tres bloques, el primero, que sufri\u00f3 alteraci\u00f3n, es considerado com\u00fanmente como la administraci\u00f3n y posee un enorme s\u00f3tano, probablemente el mayor de toda la colonia, que durante d\u00e9cadas fue utilizado como dep\u00f3sitos de quesos. El segundo, separado por un muro, fue la Fonda, posta de diligencia, posteriormente sala de auxilios: Hoy club Larra\u00f1aga. All\u00ed se ubicaba la oficina de la administraci\u00f3n que en un tiempo estuvo rodeado de olivos, testimonio de los sue\u00f1os de la industrializaci\u00f3n de aceite del consejo comunal. En todo el conjunto funcionada la administraci\u00f3n, la direcci\u00f3n, el consejo comunal. Desde all\u00ed se distribu\u00edan tierras, constru\u00edan caminos, atend\u00edan los problemas derivados de la colonizaci\u00f3n, cuestiones de defensa, transacciones (la colonia ten\u00eda su papel moneda).<\/p>\n<p>Fuente extra\u00edda de:<\/p>\n<ul>\n<li>Libro \u201cEn el ojo de la lupa\u201d por Omar Moreira.<\/li>\n<\/ul>\n<p style=\"text-align: center;\"><a href=\"http:\/\/municipiodenuevahelvecia.com\/wp-content\/uploads\/2016\/10\/213.jpg\"><img decoding=\"async\" loading=\"lazy\" class=\"aligncenter size-full wp-image-903\" alt=\"\" src=\"http:\/\/municipiodenuevahelvecia.com\/wp-content\/uploads\/2016\/10\/213.jpg\" width=\"451\" height=\"269\" srcset=\"https:\/\/municipiodenuevahelvecia.com\/wp-content\/uploads\/2016\/10\/213.jpg 451w, https:\/\/municipiodenuevahelvecia.com\/wp-content\/uploads\/2016\/10\/213-400x238.jpg 400w\" sizes=\"(max-width: 451px) 100vw, 451px\" \/><\/a> <a href=\"http:\/\/municipiodenuevahelvecia.com\/wp-content\/uploads\/2016\/10\/rsdf.jpg\"><img decoding=\"async\" loading=\"lazy\" class=\"aligncenter size-full wp-image-904\" alt=\"\" src=\"http:\/\/municipiodenuevahelvecia.com\/wp-content\/uploads\/2016\/10\/rsdf.jpg\" width=\"440\" height=\"290\" srcset=\"https:\/\/municipiodenuevahelvecia.com\/wp-content\/uploads\/2016\/10\/rsdf.jpg 440w, https:\/\/municipiodenuevahelvecia.com\/wp-content\/uploads\/2016\/10\/rsdf-400x263.jpg 400w\" sizes=\"(max-width: 440px) 100vw, 440px\" \/><\/a><\/p>\n<p style=\"text-align: center;\"><strong>Proyecto de 3\u00ba de Bachillerato de Turismo: Facundo Casco, Mar\u00eda Touriz, Gabriel Medero, Mara Hern\u00e1ndez, Santiago Miner.<\/strong><\/p>\n","protected":false},"excerpt":{"rendered":"<p>Clasificaci\u00f3n: Edificio. Direcci\u00f3n: Siegrist y Fender, entre Avenida Gilomen y Antonio Pedreira. Fecha de fundaci\u00f3n: Est\u00e1 ubicada en una de las zonas m\u00e1s altas de Nueva Helvecia. Siendo un punto privilegiado por su posici\u00f3n respecto a los caminos y visualidad. El conjunto de la administraci\u00f3n original de la Colonia consiste en tres bloques, el primero, [&hellip;]<\/p>\n","protected":false},"author":8,"featured_media":0,"parent":784,"menu_order":0,"comment_status":"open","ping_status":"closed","template":"","meta":[],"_links":{"self":[{"href":"https:\/\/municipiodenuevahelvecia.com\/index.php?rest_route=\/wp\/v2\/pages\/902"}],"collection":[{"href":"https:\/\/municipiodenuevahelvecia.com\/index.php?rest_route=\/wp\/v2\/pages"}],"about":[{"href":"https:\/\/municipiodenuevahelvecia.com\/index.php?rest_route=\/wp\/v2\/types\/page"}],"author":[{"embeddable":true,"href":"https:\/\/municipiodenuevahelvecia.com\/index.php?rest_route=\/wp\/v2\/users\/8"}],"replies":[{"embeddable":true,"href":"https:\/\/municipiodenuevahelvecia.com\/index.php?rest_route=%2Fwp%2Fv2%2Fcomments&post=902"}],"version-history":[{"count":3,"href":"https:\/\/municipiodenuevahelvecia.com\/index.php?rest_route=\/wp\/v2\/pages\/902\/revisions"}],"predecessor-version":[{"id":906,"href":"https:\/\/municipiodenuevahelvecia.com\/index.php?rest_route=\/wp\/v2\/pages\/902\/revisions\/906"}],"up":[{"embeddable":true,"href":"https:\/\/municipiodenuevahelvecia.com\/index.php?rest_route=\/wp\/v2\/pages\/784"}],"wp:attachment":[{"href":"https:\/\/municipiodenuevahelvecia.com\/index.php?rest_route=%2Fwp%2Fv2%2Fmedia&parent=902"}],"curies":[{"name":"wp","href":"https:\/\/api.w.org\/{rel}","templated":true}]}}