{"id":917,"date":"2016-10-11T19:03:22","date_gmt":"2016-10-11T19:03:22","guid":{"rendered":"http:\/\/municipiodenuevahelvecia.com\/?page_id=917"},"modified":"2016-10-11T19:13:20","modified_gmt":"2016-10-11T19:13:20","slug":"tanque-de-ose","status":"publish","type":"page","link":"https:\/\/municipiodenuevahelvecia.com\/?page_id=917","title":{"rendered":"Tanque de OSE"},"content":{"rendered":"<p>Clasificaci\u00f3n: Edificio.<\/p>\n<p>&nbsp;<\/p>\n<p>Direcci\u00f3n: Entre Luis Dreyer y Artigas.<\/p>\n<p>Fecha de fundaci\u00f3n: 1948<\/p>\n<p>El tanque de OSE, como OSE conoce popularmente al edificio donde funcionan las oficinas de las obras sanitarias del estado cuenta con 600.000 litros de agua, los cuales abastecen a Nueva Helvecia y Valdense, fue proyectado por el arquitecto L. Boggatini e inaugurado en 1948. De t\u00edpica arquitectura suiza, su torre tiene 35 metros de altura y su aspecto recuera a las viejas torres de N\u00faremberg o Basilea, en su parte superior posee un mirador que permite una visi\u00f3n muy amplia en todos los vientos. Esa mirada desde la altura abre un paisaje aun no revalorizado. Su imagen junto al monumento los fundadores son dos monumentos emblem\u00e1ticos de la fundaci\u00f3n, son el sello inconfundible y la postal imprescindible de la Colonia Suiza Nueva Helvecia.<\/p>\n<p style=\"text-align: center;\"><a href=\"http:\/\/municipiodenuevahelvecia.com\/wp-content\/uploads\/2016\/10\/3241.jpg\"><img decoding=\"async\" loading=\"lazy\" class=\"aligncenter size-full wp-image-918\" alt=\"\" src=\"http:\/\/municipiodenuevahelvecia.com\/wp-content\/uploads\/2016\/10\/3241.jpg\" width=\"662\" height=\"969\" srcset=\"https:\/\/municipiodenuevahelvecia.com\/wp-content\/uploads\/2016\/10\/3241.jpg 662w, https:\/\/municipiodenuevahelvecia.com\/wp-content\/uploads\/2016\/10\/3241-204x300.jpg 204w\" sizes=\"(max-width: 662px) 100vw, 662px\" \/><\/a> <a href=\"http:\/\/municipiodenuevahelvecia.com\/wp-content\/uploads\/2016\/10\/2342.jpg\"><img decoding=\"async\" loading=\"lazy\" class=\"aligncenter size-full wp-image-919\" alt=\"\" src=\"http:\/\/municipiodenuevahelvecia.com\/wp-content\/uploads\/2016\/10\/2342.jpg\" width=\"728\" height=\"546\" srcset=\"https:\/\/municipiodenuevahelvecia.com\/wp-content\/uploads\/2016\/10\/2342.jpg 728w, https:\/\/municipiodenuevahelvecia.com\/wp-content\/uploads\/2016\/10\/2342-400x300.jpg 400w\" sizes=\"(max-width: 728px) 100vw, 728px\" \/><\/a><\/p>\n<p style=\"text-align: center;\"><strong>Proyecto de 3\u00ba de Bachillerato de Turismo: Facundo Casco, Mar\u00eda Touriz, Gabriel Medero, Mara Hern\u00e1ndez, Santiago Miner.<\/strong><\/p>\n","protected":false},"excerpt":{"rendered":"<p>Clasificaci\u00f3n: Edificio. &nbsp; Direcci\u00f3n: Entre Luis Dreyer y Artigas. Fecha de fundaci\u00f3n: 1948 El tanque de OSE, como OSE conoce popularmente al edificio donde funcionan las oficinas de las obras sanitarias del estado cuenta con 600.000 litros de agua, los cuales abastecen a Nueva Helvecia y Valdense, fue proyectado por el arquitecto L. Boggatini e [&hellip;]<\/p>\n","protected":false},"author":8,"featured_media":0,"parent":784,"menu_order":0,"comment_status":"open","ping_status":"closed","template":"","meta":[],"_links":{"self":[{"href":"https:\/\/municipiodenuevahelvecia.com\/index.php?rest_route=\/wp\/v2\/pages\/917"}],"collection":[{"href":"https:\/\/municipiodenuevahelvecia.com\/index.php?rest_route=\/wp\/v2\/pages"}],"about":[{"href":"https:\/\/municipiodenuevahelvecia.com\/index.php?rest_route=\/wp\/v2\/types\/page"}],"author":[{"embeddable":true,"href":"https:\/\/municipiodenuevahelvecia.com\/index.php?rest_route=\/wp\/v2\/users\/8"}],"replies":[{"embeddable":true,"href":"https:\/\/municipiodenuevahelvecia.com\/index.php?rest_route=%2Fwp%2Fv2%2Fcomments&post=917"}],"version-history":[{"count":3,"href":"https:\/\/municipiodenuevahelvecia.com\/index.php?rest_route=\/wp\/v2\/pages\/917\/revisions"}],"predecessor-version":[{"id":952,"href":"https:\/\/municipiodenuevahelvecia.com\/index.php?rest_route=\/wp\/v2\/pages\/917\/revisions\/952"}],"up":[{"embeddable":true,"href":"https:\/\/municipiodenuevahelvecia.com\/index.php?rest_route=\/wp\/v2\/pages\/784"}],"wp:attachment":[{"href":"https:\/\/municipiodenuevahelvecia.com\/index.php?rest_route=%2Fwp%2Fv2%2Fmedia&parent=917"}],"curies":[{"name":"wp","href":"https:\/\/api.w.org\/{rel}","templated":true}]}}